Last updated on 2022-06-25 03:51:08 CEST.
Flavor | Version | Tinstall | Tcheck | Ttotal | Status | Flags |
---|---|---|---|---|---|---|
r-devel-linux-x86_64-debian-clang | 2.2.2 | 28.17 | 111.61 | 139.78 | NOTE | |
r-devel-linux-x86_64-debian-gcc | 2.2.2 | 21.18 | 84.48 | 105.66 | NOTE | |
r-devel-linux-x86_64-fedora-clang | 2.2.2 | 209.49 | NOTE | |||
r-devel-linux-x86_64-fedora-gcc | 2.2.2 | 254.50 | NOTE | |||
r-devel-windows-x86_64 | 2.2.2 | 69.00 | 257.00 | 326.00 | NOTE | |
r-patched-linux-x86_64 | 2.2.2 | 27.05 | 109.80 | 136.85 | OK | |
r-release-linux-x86_64 | 2.2.2 | 23.25 | 109.38 | 132.63 | NOTE | |
r-release-macos-arm64 | 2.2.2 | 135.00 | NOTE | |||
r-release-macos-x86_64 | 2.2.2 | 155.00 | NOTE | |||
r-release-windows-x86_64 | 2.2.2 | 81.00 | 250.00 | 331.00 | OK | |
r-oldrel-macos-arm64 | 2.2.2 | 148.00 | NOTE | |||
r-oldrel-macos-x86_64 | 2.2.2 | 167.00 | NOTE | |||
r-oldrel-windows-ix86+x86_64 | 2.2.2 | 68.00 | 450.00 | 518.00 | OK |
Version: 2.2.2
Check: Rd files
Result: NOTE
checkRd: (-1) effect_sizes.Rd:89: Escaped LaTeX specials: \&
checkRd: (-1) sample_sizes.Rd:56: Escaped LaTeX specials: \&
checkRd: (-1) standard_errors.Rd:91: Escaped LaTeX specials: \&
Flavors: r-devel-linux-x86_64-debian-clang, r-devel-linux-x86_64-debian-gcc, r-devel-linux-x86_64-fedora-clang, r-devel-linux-x86_64-fedora-gcc, r-devel-windows-x86_64
Version: 2.2.2
Check: dependencies in R code
Result: NOTE
Namespaces in Imports field not imported from:
‘Rdpack’ ‘bridgesampling’ ‘callr’ ‘extraDistr’ ‘psych’ ‘runjags’
All declared Imports should be used.
Flavors: r-devel-linux-x86_64-fedora-clang, r-devel-linux-x86_64-fedora-gcc, r-release-macos-arm64, r-release-macos-x86_64, r-oldrel-macos-arm64, r-oldrel-macos-x86_64
Version: 2.2.2
Check: Rd cross-references
Result: NOTE
Undeclared package ‘metafor’ in Rd xrefs
Flavor: r-devel-linux-x86_64-fedora-clang
Version: 2.2.2
Check: package dependencies
Result: NOTE
Package suggested but not available for checking: ‘metaBMA’
Flavor: r-release-linux-x86_64