CRAN Package Check Results for Package Rmosek

Last updated on 2022-08-08 15:55:22 CEST.

Flavor Version Tinstall Tcheck Ttotal Status Flags
r-devel-linux-x86_64-debian-clang 1.3.5 1.48 22.73 24.21 NOTE
r-devel-linux-x86_64-debian-gcc 1.3.5 1.49 18.36 19.85 NOTE
r-devel-linux-x86_64-fedora-clang 1.3.5 41.97 OK
r-devel-linux-x86_64-fedora-gcc 1.3.5 40.73 OK
r-devel-windows-x86_64 1.3.5 9.00 54.00 63.00 OK
r-patched-linux-x86_64 1.3.5 1.81 22.20 24.01 NOTE
r-release-linux-x86_64 1.3.5 NOTE
r-release-macos-arm64 1.3.5 16.00 OK
r-release-macos-x86_64 1.3.5 20.00 OK
r-release-windows-x86_64 1.3.5 10.00 51.00 61.00 OK
r-oldrel-macos-arm64 1.3.5 24.00 OK
r-oldrel-macos-x86_64 1.3.5 25.00 OK
r-oldrel-windows-ix86+x86_64 1.3.5 6.00 40.00 46.00 OK

Check Details

Version: 1.3.5
Check: R code for possible problems
Result: NOTE
    Found the following calls to attach():
    File 'Rmosek/R/builder.R':
     attach(builderenv, pos, name, warn.conflicts)
    See section 'Good practice' in '?attach'.
Flavors: r-devel-linux-x86_64-debian-clang, r-devel-linux-x86_64-debian-gcc, r-patched-linux-x86_64, r-release-linux-x86_64