Last updated on 2022-08-10 04:54:10 CEST.
Flavor | Version | Tinstall | Tcheck | Ttotal | Status | Flags |
---|---|---|---|---|---|---|
r-devel-linux-x86_64-debian-clang | 0.2-7 | 119.31 | 30.91 | 150.22 | OK | |
r-devel-linux-x86_64-debian-gcc | 0.2-7 | 94.99 | 23.92 | 118.91 | OK | |
r-devel-linux-x86_64-fedora-clang | 0.2-7 | 277.05 | NOTE | |||
r-devel-linux-x86_64-fedora-gcc | 0.2-7 | 204.09 | OK | |||
r-devel-windows-x86_64 | 0.2-7 | 144.00 | 92.00 | 236.00 | OK | |
r-patched-linux-x86_64 | 0.2-7 | 101.65 | 29.95 | 131.60 | OK | |
r-release-linux-x86_64 | 0.2-7 | OK | ||||
r-release-macos-arm64 | 0.2-7 | 63.00 | NOTE | |||
r-release-macos-x86_64 | 0.2-7 | 80.00 | NOTE | |||
r-release-windows-x86_64 | 0.2-7 | 145.00 | 95.00 | 240.00 | OK | |
r-oldrel-macos-arm64 | 0.2-7 | 70.00 | NOTE | |||
r-oldrel-macos-x86_64 | 0.2-7 | 79.00 | NOTE | |||
r-oldrel-windows-ix86+x86_64 | 0.2-7 | 324.00 | 108.00 | 432.00 | OK |
Version: 0.2-7
Check: installed package size
Result: NOTE
installed size is 6.2Mb
sub-directories of 1Mb or more:
libs 6.1Mb
Flavors: r-devel-linux-x86_64-fedora-clang, r-release-macos-arm64, r-release-macos-x86_64, r-oldrel-macos-arm64, r-oldrel-macos-x86_64