CRAN Package Check Results for Package Rilostat

Last updated on 2020-09-28 03:47:52 CEST.

Flavor Version Tinstall Tcheck Ttotal Status Flags
r-devel-linux-x86_64-debian-clang 1.1 6.95 101.15 108.10 OK
r-devel-linux-x86_64-debian-gcc 1.1 5.29 79.82 85.11 OK
r-devel-linux-x86_64-fedora-clang 1.1 135.87 OK
r-devel-linux-x86_64-fedora-gcc 1.1 126.38 OK
r-devel-windows-ix86+x86_64 1.1 17.00 86.00 103.00 WARN
r-patched-linux-x86_64 1.1 7.47 96.30 103.77 OK
r-patched-solaris-x86 1.1 187.30 OK
r-release-linux-x86_64 1.1 6.80 96.16 102.96 OK
r-release-macos-x86_64 1.1 OK
r-release-windows-ix86+x86_64 1.1 16.00 81.00 97.00 WARN
r-oldrel-macos-x86_64 1.1 OK
r-oldrel-windows-ix86+x86_64 1.1 13.00 80.00 93.00 WARN

Check Details

Version: 1.1
Check: re-building of vignette outputs
Result: WARN
    Error(s) in re-building vignettes:
    --- re-building 'Rilostat.Rmd' using rmarkdown
    Loading required package: devtools
    Loading required package: usethis
    Loading required package: plotly
    Loading required package: ggplot2
    
    Attaching package: 'plotly'
    
    The following object is masked from 'package:ggplot2':
    
     last_plot
    
    The following object is masked from 'package:stats':
    
     filter
    
    The following object is masked from 'package:graphics':
    
     layout
    
    Loading required package: dplyr
    
    Attaching package: 'dplyr'
    
    The following objects are masked from 'package:stats':
    
     filter, lag
    
    The following objects are masked from 'package:base':
    
     intersect, setdiff, setequal, union
    
    Loading required package: plotrix
    Loading required package: stringr
    Loading required package: Rilostat
    Quitting from lines 117-119 (Rilostat.Rmd)
    Error: processing vignette 'Rilostat.Rmd' failed with diagnostics:
    cannot open the connection
    --- failed re-building 'Rilostat.Rmd'
    
    SUMMARY: processing the following file failed:
     'Rilostat.Rmd'
    
    Error: Vignette re-building failed.
    Execution halted
Flavors: r-devel-windows-ix86+x86_64, r-release-windows-ix86+x86_64, r-oldrel-windows-ix86+x86_64