CRAN Package Check Results for Package RiemBase

Last updated on 2023-12-01 15:53:47 CET.

Flavor Version Tinstall Tcheck Ttotal Status Flags
r-devel-linux-x86_64-debian-clang 0.2.5 51.49 33.37 84.86 NOTE
r-devel-linux-x86_64-debian-gcc 0.2.5 40.53 25.61 66.14 NOTE
r-devel-linux-x86_64-fedora-clang 0.2.5 121.28 NOTE
r-devel-linux-x86_64-fedora-gcc 0.2.5 125.90 NOTE
r-devel-windows-x86_64 0.2.5 40.00 70.00 110.00 NOTE
r-patched-linux-x86_64 0.2.5 46.96 33.06 80.02 NOTE
r-release-linux-x86_64 0.2.5 43.81 32.91 76.72 NOTE
r-release-macos-arm64 0.2.5 36.00 NOTE
r-release-macos-x86_64 0.2.5 59.00 NOTE
r-release-windows-x86_64 0.2.5 55.00 82.00 137.00 NOTE
r-oldrel-macos-arm64 0.2.5 35.00 NOTE
r-oldrel-macos-x86_64 0.2.5 44.00 NOTE
r-oldrel-windows-x86_64 0.2.5 49.00 79.00 128.00 OK

Check Details

Version: 0.2.5
Check: C++ specification
Result: NOTE Specified C++11: please drop specification unless essential Flavors: r-devel-linux-x86_64-debian-clang, r-devel-linux-x86_64-debian-gcc, r-devel-linux-x86_64-fedora-clang, r-devel-linux-x86_64-fedora-gcc, r-devel-windows-x86_64, r-patched-linux-x86_64, r-release-linux-x86_64, r-release-macos-arm64, r-release-macos-x86_64, r-release-windows-x86_64

Version: 0.2.5
Check: installed package size
Result: NOTE installed size is 5.8Mb sub-directories of 1Mb or more: libs 5.6Mb Flavors: r-release-macos-arm64, r-release-macos-x86_64, r-oldrel-macos-arm64, r-oldrel-macos-x86_64