CRAN Package Check Results for Package Rfssa

Last updated on 2022-10-06 03:58:40 CEST.

Flavor Version Tinstall Tcheck Ttotal Status Flags
r-devel-linux-x86_64-debian-clang 2.1.0 118.44 175.56 294.00 OK
r-devel-linux-x86_64-debian-gcc 2.1.0 95.55 127.92 223.47 OK
r-devel-linux-x86_64-fedora-clang 2.1.0 429.50 NOTE
r-devel-linux-x86_64-fedora-gcc 2.1.0 374.93 NOTE
r-devel-windows-x86_64 2.1.0 122.00 209.00 331.00 OK
r-patched-linux-x86_64 2.1.0 98.73 161.75 260.48 OK
r-release-linux-x86_64 2.1.0 94.81 162.40 257.21 OK
r-release-macos-arm64 2.1.0 89.00 NOTE
r-release-macos-x86_64 2.1.0 118.00 NOTE
r-release-windows-x86_64 2.1.0 105.00 201.00 306.00 OK
r-oldrel-macos-arm64 2.1.0 90.00 NOTE
r-oldrel-macos-x86_64 2.1.0 120.00 NOTE
r-oldrel-windows-ix86+x86_64 2.1.0 292.00 251.00 543.00 OK

Check Details

Version: 2.1.0
Check: dependencies in R code
Result: NOTE
    Namespace in Imports field not imported from: ‘markdown’
     All declared Imports should be used.
Flavors: r-devel-linux-x86_64-fedora-clang, r-devel-linux-x86_64-fedora-gcc, r-release-macos-arm64, r-release-macos-x86_64, r-oldrel-macos-arm64, r-oldrel-macos-x86_64

Version: 2.1.0
Check: installed package size
Result: NOTE
     installed size is 6.7Mb
     sub-directories of 1Mb or more:
     libs 6.0Mb
Flavors: r-release-macos-arm64, r-release-macos-x86_64, r-oldrel-macos-arm64, r-oldrel-macos-x86_64