CRAN Package Check Results for Package RfEmpImp

Last updated on 2020-09-27 03:46:41 CEST.

Flavor Version Tinstall Tcheck Ttotal Status Flags
r-devel-linux-x86_64-debian-clang 2.1.5 11.05 113.41 124.46 OK
r-devel-linux-x86_64-debian-gcc 2.1.5 8.72 85.08 93.80 OK
r-devel-linux-x86_64-fedora-clang 2.1.5 146.87 OK
r-devel-linux-x86_64-fedora-gcc 2.1.5 136.14 OK
r-devel-windows-ix86+x86_64 2.1.5 24.00 135.00 159.00 OK
r-patched-linux-x86_64 2.1.5 10.34 105.82 116.16 OK
r-patched-solaris-x86 2.1.5 190.70 OK
r-release-linux-x86_64 2.1.5 9.69 104.94 114.63 OK
r-release-macos-x86_64 2.1.5 OK
r-release-windows-ix86+x86_64 2.1.5 23.00 153.00 176.00 OK
r-oldrel-macos-x86_64 2.1.5 ERROR
r-oldrel-windows-ix86+x86_64 2.1.5 20.00 138.00 158.00 ERROR

Check Details

Version: 2.1.5
Check: tests
Result: ERROR
     Running ‘testthat.R’ [7s/6s]
    Running the tests in ‘tests/testthat.R’ failed.
    Last 13 lines of output:
     >
     > test_check("RfEmpImp")
     ── 1. Failure: conv.factor works (@test-UtilFuncs-ConvFactor.R#31) ────────────
     all(factorLoc2 == c(TRUE, FALSE, FALSE)) isn't true.
    
     ── 2. Failure: conv.factor works (@test-UtilFuncs-ConvFactor.R#35) ────────────
     all(factorLoc3 == c(TRUE, FALSE, TRUE)) isn't true.
    
     ══ testthat results ═══════════════════════════════════════════════════════════
     [ OK: 640 | SKIPPED: 0 | WARNINGS: 0 | FAILED: 2 ]
     1. Failure: conv.factor works (@test-UtilFuncs-ConvFactor.R#31)
     2. Failure: conv.factor works (@test-UtilFuncs-ConvFactor.R#35)
    
     Error: testthat unit tests failed
     Execution halted
Flavor: r-oldrel-macos-x86_64

Version: 2.1.5
Check: tests
Result: ERROR
     Running 'testthat.R' [15s]
    Running the tests in 'tests/testthat.R' failed.
    Complete output:
     > library(testthat)
     > library(RfEmpImp)
     Loading required package: mice
    
     Attaching package: 'mice'
    
     The following objects are masked from 'package:base':
    
     cbind, rbind
    
     Loading required package: ranger
     >
     > test_check("RfEmpImp")
     -- 1. Failure: conv.factor works (@test-UtilFuncs-ConvFactor.R#31) ------------
     all(factorLoc2 == c(TRUE, FALSE, FALSE)) isn't true.
    
     -- 2. Failure: conv.factor works (@test-UtilFuncs-ConvFactor.R#35) ------------
     all(factorLoc3 == c(TRUE, FALSE, TRUE)) isn't true.
    
     == testthat results ===========================================================
     [ OK: 640 | SKIPPED: 0 | WARNINGS: 0 | FAILED: 2 ]
     1. Failure: conv.factor works (@test-UtilFuncs-ConvFactor.R#31)
     2. Failure: conv.factor works (@test-UtilFuncs-ConvFactor.R#35)
    
     Error: testthat unit tests failed
     Execution halted
Flavor: r-oldrel-windows-ix86+x86_64