CRAN Package Check Results for Package RestRserve

Last updated on 2021-01-25 03:52:51 CET.

Flavor Version Tinstall Tcheck Ttotal Status Flags
r-devel-linux-x86_64-debian-clang 0.4.1 62.07 56.28 118.35 OK
r-devel-linux-x86_64-debian-gcc 0.4.1 48.23 43.85 92.08 OK
r-devel-linux-x86_64-fedora-clang 0.4.1 169.54 NOTE
r-devel-linux-x86_64-fedora-gcc 0.4.1 157.68 NOTE
r-devel-windows-ix86+x86_64 0.4.1 138.00 121.00 259.00 NOTE
r-patched-linux-x86_64 0.4.1 54.09 54.33 108.42 OK
r-release-linux-x86_64 0.4.1 56.68 54.47 111.15 OK
r-release-macos-x86_64 0.4.1 NOTE
r-release-windows-ix86+x86_64 0.4.1 136.00 97.00 233.00 NOTE
r-oldrel-macos-x86_64 0.4.1 NOTE
r-oldrel-windows-ix86+x86_64 0.4.1 113.00 118.00 231.00 NOTE

Check Details

Version: 0.4.1
Check: installed package size
Result: NOTE
     installed size is 8.0Mb
     sub-directories of 1Mb or more:
     doc 1.0Mb
     libs 4.2Mb
     swagger 1.4Mb
Flavors: r-devel-linux-x86_64-fedora-clang, r-devel-windows-ix86+x86_64, r-release-macos-x86_64, r-release-windows-ix86+x86_64, r-oldrel-macos-x86_64, r-oldrel-windows-ix86+x86_64

Version: 0.4.1
Check: dependencies in R code
Result: NOTE
    Namespace in Imports field not imported from: ‘Rserve’
     All declared Imports should be used.
Flavors: r-devel-linux-x86_64-fedora-clang, r-devel-linux-x86_64-fedora-gcc, r-release-macos-x86_64, r-oldrel-macos-x86_64