CRAN Package Check Results for Package Replication

Last updated on 2022-07-06 03:52:24 CEST.

Flavor Version Tinstall Tcheck Ttotal Status Flags
r-devel-linux-x86_64-debian-clang 0.1.2 22.28 181.48 203.76 NOTE
r-devel-linux-x86_64-debian-gcc 0.1.2 15.79 133.90 149.69 NOTE
r-devel-linux-x86_64-fedora-clang 0.1.2 257.57 NOTE
r-devel-linux-x86_64-fedora-gcc 0.1.2 253.85 NOTE
r-devel-windows-x86_64 0.1.2 37.00 251.00 288.00 NOTE
r-patched-linux-x86_64 0.1.2 21.30 166.85 188.15 NOTE
r-release-linux-x86_64 0.1.2 13.95 171.92 185.87 NOTE
r-release-macos-arm64 0.1.2 91.00 NOTE
r-release-macos-x86_64 0.1.2 105.00 NOTE
r-release-windows-x86_64 0.1.2 40.00 245.00 285.00 NOTE
r-oldrel-macos-arm64 0.1.2 65.00 NOTE
r-oldrel-macos-x86_64 0.1.2 141.00 NOTE
r-oldrel-windows-ix86+x86_64 0.1.2 45.00 196.00 241.00 NOTE

Check Details

Version: 0.1.2
Check: LazyData
Result: NOTE
     'LazyData' is specified without a 'data' directory
Flavors: r-devel-linux-x86_64-debian-clang, r-devel-linux-x86_64-debian-gcc, r-devel-linux-x86_64-fedora-clang, r-devel-linux-x86_64-fedora-gcc, r-devel-windows-x86_64, r-patched-linux-x86_64, r-release-linux-x86_64, r-release-macos-arm64, r-release-macos-x86_64, r-release-windows-x86_64, r-oldrel-macos-arm64, r-oldrel-macos-x86_64, r-oldrel-windows-ix86+x86_64