CRAN Package Check Results for Package ReorderCluster

Last updated on 2020-10-26 03:48:32 CET.

Flavor Version Tinstall Tcheck Ttotal Status Flags
r-devel-linux-x86_64-debian-clang 1.0 26.70 33.12 59.82 NOTE
r-devel-linux-x86_64-debian-gcc 1.0 18.64 25.45 44.09 NOTE
r-devel-linux-x86_64-fedora-clang 1.0 81.99 NOTE
r-devel-linux-x86_64-fedora-gcc 1.0 77.06 NOTE
r-devel-windows-ix86+x86_64 1.0 51.00 79.00 130.00 NOTE
r-patched-linux-x86_64 1.0 23.02 31.37 54.39 NOTE
r-patched-solaris-x86 1.0 82.20 NOTE
r-release-linux-x86_64 1.0 21.61 31.74 53.35 NOTE
r-release-macos-x86_64 1.0 NOTE
r-release-windows-ix86+x86_64 1.0 42.00 65.00 107.00 NOTE
r-oldrel-macos-x86_64 1.0 NOTE
r-oldrel-windows-ix86+x86_64 1.0 49.00 57.00 106.00 NOTE

Check Details

Version: 1.0
Check: R code for possible problems
Result: NOTE
    RearrangeData: no visible global function definition for 'rainbow'
    RearrangeData: no visible global function definition for 'hclust'
    RearrangeData: no visible global function definition for
     'as.dendrogram'
    RearrangeData: no visible global function definition for 'heatmap'
    RearrangeData: no visible global function definition for 'pdf'
    RearrangeData: no visible global function definition for
     'colorRampPalette'
    RearrangeData: no visible global function definition for 'legend'
    RearrangeData: no visible global function definition for 'dev.off'
    RearrangeJoseph: no visible global function definition for
     'write.table'
    RearrangeJoseph: no visible global function definition for
     'as.dendrogram'
    RearrangeJoseph: no visible global function definition for
     'order.dendrogram'
    colorDendClass : colLab: no visible global function definition for
     'is.leaf'
    colorDendClass: no visible global function definition for 'dendrapply'
    testData1: no visible global function definition for 'runif'
    testData1: no visible global function definition for 'image'
    testData2: no visible global function definition for 'runif'
    testData2: no visible global function definition for 'image'
    Undefined global functions or variables:
     as.dendrogram colorRampPalette dendrapply dev.off hclust heatmap
     image is.leaf legend order.dendrogram pdf rainbow runif write.table
    Consider adding
     importFrom("grDevices", "colorRampPalette", "dev.off", "pdf",
     "rainbow")
     importFrom("graphics", "image", "legend")
     importFrom("stats", "as.dendrogram", "dendrapply", "hclust", "heatmap",
     "is.leaf", "order.dendrogram", "runif")
     importFrom("utils", "write.table")
    to your NAMESPACE file.
Flavors: r-devel-linux-x86_64-debian-clang, r-devel-linux-x86_64-debian-gcc, r-devel-linux-x86_64-fedora-clang, r-devel-linux-x86_64-fedora-gcc, r-devel-windows-ix86+x86_64, r-patched-linux-x86_64, r-patched-solaris-x86, r-release-linux-x86_64, r-release-macos-x86_64, r-release-windows-ix86+x86_64

Version: 1.0
Check: for non-standard things in the check directory
Result: NOTE
    Found the following files/directories:
     'A.txt' 'minI.txt' 'minJ.txt'
Flavors: r-devel-linux-x86_64-debian-clang, r-devel-linux-x86_64-debian-gcc, r-devel-linux-x86_64-fedora-clang, r-devel-linux-x86_64-fedora-gcc, r-patched-linux-x86_64, r-patched-solaris-x86, r-release-linux-x86_64

Version: 1.0
Check: compiled code
Result: NOTE
    File ‘ReorderCluster/libs/ReorderCluster.so’:
     Found no calls to: ‘R_registerRoutines’, ‘R_useDynamicSymbols’
    
    It is good practice to register native routines and to disable symbol
    search.
    
    See ‘Writing portable packages’ in the ‘Writing R Extensions’ manual.
Flavors: r-devel-linux-x86_64-fedora-clang, r-devel-linux-x86_64-fedora-gcc

Version: 1.0
Check: R code for possible problems
Result: NOTE
    RearrangeData: no visible global function definition for ‘rainbow’
    RearrangeData: no visible global function definition for ‘hclust’
    RearrangeData: no visible global function definition for
     ‘as.dendrogram’
    RearrangeData: no visible global function definition for ‘heatmap’
    RearrangeData: no visible global function definition for ‘pdf’
    RearrangeData: no visible global function definition for
     ‘colorRampPalette’
    RearrangeData: no visible global function definition for ‘legend’
    RearrangeData: no visible global function definition for ‘dev.off’
    RearrangeJoseph: no visible global function definition for
     ‘write.table’
    RearrangeJoseph: no visible global function definition for
     ‘as.dendrogram’
    RearrangeJoseph: no visible global function definition for
     ‘order.dendrogram’
    colorDendClass : colLab: no visible global function definition for
     ‘is.leaf’
    colorDendClass: no visible global function definition for ‘dendrapply’
    colorDendClass: no visible global function definition for ‘plot’
    testData1: no visible global function definition for ‘runif’
    testData1: no visible global function definition for ‘image’
    testData2: no visible global function definition for ‘runif’
    testData2: no visible global function definition for ‘image’
    Undefined global functions or variables:
     as.dendrogram colorRampPalette dendrapply dev.off hclust heatmap
     image is.leaf legend order.dendrogram pdf plot rainbow runif
     write.table
    Consider adding
     importFrom("grDevices", "colorRampPalette", "dev.off", "pdf",
     "rainbow")
     importFrom("graphics", "image", "legend", "plot")
     importFrom("stats", "as.dendrogram", "dendrapply", "hclust", "heatmap",
     "is.leaf", "order.dendrogram", "runif")
     importFrom("utils", "write.table")
    to your NAMESPACE file.
Flavors: r-oldrel-macos-x86_64, r-oldrel-windows-ix86+x86_64