CRAN Package Check Results for Package ReinforcementLearning

Last updated on 2024-07-18 15:49:10 CEST.

Flavor Version Tinstall Tcheck Ttotal Status Flags
r-devel-linux-x86_64-debian-clang 1.0.5 7.76 56.91 64.67 OK
r-devel-linux-x86_64-debian-gcc 1.0.5 7.35 43.15 50.50 OK
r-devel-linux-x86_64-fedora-clang 1.0.5 79.32 NOTE
r-devel-linux-x86_64-fedora-gcc 1.0.5 92.57 NOTE
r-devel-windows-x86_64 1.0.5 7.00 63.00 70.00 OK
r-patched-linux-x86_64 1.0.5 6.23 52.91 59.14 OK
r-release-linux-x86_64 1.0.5 6.30 53.99 60.29 OK
r-release-macos-arm64 1.0.5 39.00 OK
r-release-macos-x86_64 1.0.5 56.00 OK
r-release-windows-x86_64 1.0.5 7.00 63.00 70.00 OK
r-oldrel-macos-arm64 1.0.5 47.00 OK
r-oldrel-macos-x86_64 1.0.5 57.00 OK
r-oldrel-windows-x86_64 1.0.5 12.00 72.00 84.00 OK

Check Details

Version: 1.0.5
Check: dependencies in R code
Result: NOTE Namespace in Imports field not imported from: ‘ggplot2’ All declared Imports should be used. Flavors: r-devel-linux-x86_64-fedora-clang, r-devel-linux-x86_64-fedora-gcc