CRAN Package Check Results for Package ReIns

Last updated on 2022-06-28 15:53:26 CEST.

Flavor Version Tinstall Tcheck Ttotal Status Flags
r-devel-linux-x86_64-debian-clang 1.0.10 71.47 195.85 267.32 OK
r-devel-linux-x86_64-debian-gcc 1.0.10 54.47 144.83 199.30 OK
r-devel-linux-x86_64-fedora-clang 1.0.10 343.81 OK
r-devel-linux-x86_64-fedora-gcc 1.0.10 333.10 OK
r-devel-windows-x86_64 1.0.10 105.00 283.00 388.00 OK
r-patched-linux-x86_64 1.0.10 60.54 184.49 245.03 OK
r-release-linux-x86_64 1.0.10 61.87 185.62 247.49 OK
r-release-macos-arm64 1.0.10 86.00 NOTE
r-release-macos-x86_64 1.0.10 118.00 OK
r-release-windows-x86_64 1.0.10 110.00 262.00 372.00 OK
r-oldrel-macos-arm64 1.0.10 103.00 NOTE
r-oldrel-macos-x86_64 1.0.10 169.00 OK
r-oldrel-windows-ix86+x86_64 1.0.10 159.00 350.00 509.00 OK

Check Details

Version: 1.0.10
Check: package dependencies
Result: NOTE
    Packages suggested but not available for checking: 'interval', 'Icens'
Flavors: r-release-macos-arm64, r-oldrel-macos-arm64

Version: 1.0.10
Check: Rd cross-references
Result: NOTE
    Package unavailable to check Rd xrefs: ‘interval’
Flavors: r-release-macos-arm64, r-oldrel-macos-arm64