CRAN Package Check Results for Package Rdpack

Last updated on 2020-09-20 16:14:26 CEST.

Flavor Version Tinstall Tcheck Ttotal Status Flags
r-devel-linux-x86_64-debian-clang 1.0.0 6.62 65.88 72.50 OK
r-devel-linux-x86_64-debian-gcc 1.0.0 5.35 50.26 55.61 OK
r-devel-linux-x86_64-fedora-clang 1.0.0 108.40 WARN
r-devel-linux-x86_64-fedora-gcc 1.0.0 93.34 OK
r-devel-windows-ix86+x86_64 1.0.0 12.00 85.00 97.00 OK
r-patched-linux-x86_64 1.0.0 6.46 64.87 71.33 OK
r-patched-solaris-x86 1.0.0 118.20 OK
r-release-linux-x86_64 1.0.0 5.93 64.46 70.39 OK
r-release-macos-x86_64 1.0.0 OK
r-release-windows-ix86+x86_64 1.0.0 12.00 106.00 118.00 OK
r-oldrel-macos-x86_64 1.0.0 OK
r-oldrel-windows-ix86+x86_64 1.0.0 10.00 90.00 100.00 OK

Check Details

Version: 1.0.0
Check: package dependencies
Result: WARN
    Requires orphaned package: ‘bibtex’
Flavor: r-devel-linux-x86_64-fedora-clang

Version: 1.0.0
Check: Rd cross-references
Result: NOTE
    Undeclared package ‘gbutils’ in Rd xrefs
Flavor: r-devel-linux-x86_64-fedora-clang