CRAN Package Check Results for Package RcppXsimd

Last updated on 2020-10-26 03:48:32 CET.

Flavor Version Tinstall Tcheck Ttotal Status Flags
r-devel-linux-x86_64-debian-clang 7.1.4 21.81 53.14 74.95 OK
r-devel-linux-x86_64-debian-gcc 7.1.4 15.77 36.68 52.45 OK
r-devel-linux-x86_64-fedora-clang 7.1.4 102.72 OK
r-devel-linux-x86_64-fedora-gcc 7.1.4 89.74 OK
r-devel-windows-ix86+x86_64 7.1.4 45.00 83.00 128.00 ERROR
r-patched-linux-x86_64 7.1.4 19.26 48.85 68.11 OK
r-patched-solaris-x86 7.1.4 87.20 OK
r-release-linux-x86_64 7.1.4 17.52 48.38 65.90 OK
r-release-macos-x86_64 7.1.4 OK
r-release-windows-ix86+x86_64 7.1.4 41.00 64.00 105.00 ERROR
r-oldrel-macos-x86_64 7.1.4 OK
r-oldrel-windows-ix86+x86_64 7.1.4 45.00 95.00 140.00 OK

Check Details

Version: 7.1.4
Check: running tests for arch ‘x64’
Result: ERROR
     Running 'testthat.R' [2s]
    Running the tests in 'tests/testthat.R' failed.
    Complete output:
     > library(testthat)
     > library(RcppXsimd)
     >
     > test_check("RcppXsimd")
Flavors: r-devel-windows-ix86+x86_64, r-release-windows-ix86+x86_64