CRAN Package Check Results for Package RcppStreams

Last updated on 2022-10-01 15:53:01 CEST.

Flavor Version Tinstall Tcheck Ttotal Status Flags
r-devel-linux-x86_64-debian-clang 0.1.3 77.70 27.54 105.24 OK
r-devel-linux-x86_64-debian-gcc 0.1.3 70.45 24.69 95.14 OK
r-devel-linux-x86_64-fedora-clang 0.1.3 171.33 OK
r-devel-linux-x86_64-fedora-gcc 0.1.3 168.51 OK
r-devel-windows-x86_64 0.1.3 231.00 92.00 323.00 OK
r-patched-linux-x86_64 0.1.3 73.86 30.23 104.09 OK
r-release-linux-x86_64 0.1.3 74.18 30.79 104.97 OK
r-release-macos-arm64 0.1.3 41.00 NOTE
r-release-macos-x86_64 0.1.3 62.00 NOTE
r-release-windows-x86_64 0.1.3 126.00 91.00 217.00 OK
r-oldrel-macos-arm64 0.1.3 45.00 NOTE
r-oldrel-macos-x86_64 0.1.3 74.00 NOTE
r-oldrel-windows-ix86+x86_64 0.1.3 215.00 123.00 338.00 OK

Check Details

Version: 0.1.3
Check: installed package size
Result: NOTE
     installed size is 5.3Mb
     sub-directories of 1Mb or more:
     libs 4.5Mb
Flavors: r-release-macos-arm64, r-release-macos-x86_64, r-oldrel-macos-arm64, r-oldrel-macos-x86_64