CRAN Package Check Results for Package RcppSimdJson

Last updated on 2020-10-21 03:47:30 CEST.

Flavor Version Tinstall Tcheck Ttotal Status Flags
r-devel-linux-x86_64-debian-clang 0.1.2 95.81 32.46 128.27 OK
r-devel-linux-x86_64-debian-gcc 0.1.2 74.38 25.98 100.36 OK
r-devel-linux-x86_64-fedora-clang 0.1.2 178.99 NOTE
r-devel-linux-x86_64-fedora-gcc 0.1.2 174.98 OK
r-devel-windows-ix86+x86_64 0.1.2 154.00 82.00 236.00 NOTE
r-patched-linux-x86_64 0.1.2 94.61 31.52 126.13 OK
r-release-linux-x86_64 0.1.2 90.96 31.02 121.98 OK
r-release-macos-x86_64 0.1.2 NOTE
r-release-windows-ix86+x86_64 0.1.2 137.00 84.00 221.00 NOTE
r-oldrel-macos-x86_64 0.1.2 ERROR
r-oldrel-windows-ix86+x86_64 0.1.2 0.00 5.00 5.00 ERROR

Additional issues

rchk

Check Details

Version: 0.1.2
Check: installed package size
Result: NOTE
     installed size is 14.9Mb
     sub-directories of 1Mb or more:
     jsonexamples 3.8Mb
     libs 9.8Mb
Flavors: r-devel-linux-x86_64-fedora-clang, r-devel-windows-ix86+x86_64, r-release-macos-x86_64, r-release-windows-ix86+x86_64, r-oldrel-macos-x86_64

Version: 0.1.2
Check: tests
Result: ERROR
     Running ‘tinytest.R’ [7s/7s]
    Running the tests in ‘tests/tinytest.R’ failed.
    Last 13 lines of output:
     Running test_vectorized_ops.R......... 2 tests <1b>[0;32mOK<1b>[0m
     Running test_vectorized_ops.R......... 2 tests <1b>[0;32mOK<1b>[0m
     Running test_vectorized_ops.R......... 2 tests <1b>[0;32mOK<1b>[0m
     Running test_vectorized_ops.R......... 2 tests <1b>[0;32mOK<1b>[0m
     Running test_vectorized_ops.R......... 3 tests <1b>[0;32mOK<1b>[0m
     Running test_vectorized_ops.R......... 3 tests <1b>[0;32mOK<1b>[0m
     Running test_vectorized_ops.R......... 4 tests <1b>[0;32mOK<1b>[0m
     Running test_vectorized_ops.R......... 5 tests <1b>[0;32mOK<1b>[0m
     Running test_vectorized_ops.R......... 6 tests <1b>[0;32mOK<1b>[0m
     Error: ----- FAILED[data]: test_deserialization.R<1006--1009>
     call| expect_identical(current = RcppSimdJson:::.deserialize_json(test,
     call| int64_r_type = int64_opt$integer64), target = target)
     diff| Component "nested_dfs": Component 1: Component 3: 'current' is not a factor
     diff| Component "nested_dfs": Component 2: Component 3: 'current' is not a factor
     Execution halted
Flavor: r-oldrel-macos-x86_64

Version: 0.1.2
Check: whether package can be installed
Result: ERROR
    Installation failed.
Flavor: r-oldrel-windows-ix86+x86_64