CRAN Package Check Results for Package RcppSimdJson

Last updated on 2021-01-25 03:52:50 CET.

Flavor Version Tinstall Tcheck Ttotal Status Flags
r-devel-linux-x86_64-debian-clang 0.1.3 128.59 45.03 173.62 OK
r-devel-linux-x86_64-debian-gcc 0.1.3 94.70 35.37 130.07 OK
r-devel-linux-x86_64-fedora-clang 0.1.3 245.15 NOTE
r-devel-linux-x86_64-fedora-gcc 0.1.3 233.24 OK
r-devel-windows-ix86+x86_64 0.1.3 261.00 129.00 390.00 NOTE
r-patched-linux-x86_64 0.1.3 111.93 44.13 156.06 OK
r-release-linux-x86_64 0.1.3 109.54 44.23 153.77 OK
r-release-macos-x86_64 0.1.3 NOTE
r-release-windows-ix86+x86_64 0.1.3 263.00 108.00 371.00 NOTE
r-oldrel-macos-x86_64 0.1.3 ERROR
r-oldrel-windows-ix86+x86_64 0.1.3 1.00 6.00 7.00 ERROR

Check Details

Version: 0.1.3
Check: installed package size
Result: NOTE
     installed size is 20.1Mb
     sub-directories of 1Mb or more:
     include 1.7Mb
     jsonexamples 3.8Mb
     libs 14.3Mb
Flavors: r-devel-linux-x86_64-fedora-clang, r-devel-windows-ix86+x86_64, r-release-macos-x86_64, r-release-windows-ix86+x86_64, r-oldrel-macos-x86_64

Version: 0.1.3
Check: tests
Result: ERROR
     Running ‘tinytest.R’ [19s/19s]
    Running the tests in ‘tests/tinytest.R’ failed.
    Last 13 lines of output:
     Running test_vectorized_ops.R......... 5 tests <1b>[0;32mOK<1b>[0m
     Running test_vectorized_ops.R......... 6 tests <1b>[0;32mOK<1b>[0m <1b>[0;36m15ms<1b>[0m
     ----- FAILED[data]: test_deserialization.R<1138--1141>
     call| expect_identical(current = RcppSimdJson:::.deserialize_json(test,
     call| int64_r_type = int64_opt$integer64), target = target)
     diff| Component "int64": 'is.NA' value mismatch: 1 in current 0 in target
     diff| Component "nested_dfs": Component 1: Component 3: 'current' is not a factor
     diff| Component "nested_dfs": Component 2: Component 3: 'current' is not a factor
     ----- FAILED[data]: test_simdjson_utils.R<63--68>
     call| expect_false(current = any(is_valid_utf8(invalid_utf8)) || any(vapply(invalid_utf8,
     call| function(.x) is_valid_utf8(charToRaw(.x)), logical(1L))) ||
     call| is_valid_utf8(lapply(invalid_utf8, charToRaw)) || any(validUTF8(invalid_utf8)))
     diff| Expected FALSE, got TRUE
     Error: 2 out of 2961 tests failed
     Execution halted
Flavor: r-oldrel-macos-x86_64

Version: 0.1.3
Check: whether package can be installed
Result: ERROR
    Installation failed.
Flavor: r-oldrel-windows-ix86+x86_64