CRAN Package Check Results for Package RcppSMC

Last updated on 2020-10-21 03:47:30 CEST.

Flavor Version Tinstall Tcheck Ttotal Status Flags
r-devel-linux-x86_64-debian-clang 0.2.2 135.27 31.76 167.03 OK
r-devel-linux-x86_64-debian-gcc 0.2.2 99.36 24.28 123.64 OK
r-devel-linux-x86_64-fedora-clang 0.2.2 241.44 NOTE
r-devel-linux-x86_64-fedora-gcc 0.2.2 211.66 OK
r-devel-windows-ix86+x86_64 0.2.2 225.00 72.00 297.00 OK
r-patched-linux-x86_64 0.2.2 122.90 29.44 152.34 OK
r-patched-solaris-x86 0.2.2 198.50 OK
r-release-linux-x86_64 0.2.2 130.43 29.63 160.06 OK
r-release-macos-x86_64 0.2.2 NOTE
r-release-windows-ix86+x86_64 0.2.2 228.00 78.00 306.00 OK
r-oldrel-macos-x86_64 0.2.2 NOTE
r-oldrel-windows-ix86+x86_64 0.2.2 196.00 63.00 259.00 OK

Check Details

Version: 0.2.2
Check: installed package size
Result: NOTE
     installed size is 7.2Mb
     sub-directories of 1Mb or more:
     libs 6.9Mb
Flavors: r-devel-linux-x86_64-fedora-clang, r-release-macos-x86_64, r-oldrel-macos-x86_64