CRAN Package Check Results for Package RcppQuantuccia

Last updated on 2022-09-27 03:56:01 CEST.

Flavor Version Tinstall Tcheck Ttotal Status Flags
r-devel-linux-x86_64-debian-clang 0.1.0 157.58 31.56 189.14 OK
r-devel-linux-x86_64-debian-gcc 0.1.0 128.75 23.72 152.47 OK
r-devel-linux-x86_64-fedora-clang 0.1.0 356.18 WARN
r-devel-linux-x86_64-fedora-gcc 0.1.0 271.11 OK
r-devel-windows-x86_64 0.1.0 193.00 98.00 291.00 OK
r-patched-linux-x86_64 0.1.0 139.48 29.27 168.75 OK
r-release-linux-x86_64 0.1.0 140.07 28.89 168.96 OK
r-release-macos-arm64 0.1.0 71.00 NOTE
r-release-macos-x86_64 0.1.0 98.00 NOTE
r-release-windows-x86_64 0.1.0 200.00 92.00 292.00 OK
r-oldrel-macos-arm64 0.1.0 72.00 NOTE
r-oldrel-macos-x86_64 0.1.0 104.00 NOTE
r-oldrel-windows-ix86+x86_64 0.1.0 430.00 145.00 575.00 OK

Additional issues

clang15 clang15

Check Details

Version: 0.1.0
Check: whether package can be installed
Result: WARN
    Found the following significant warnings:
     ql/time/calendars/argentina.cpp:52:36: warning: invalid UTF-8 in comment [-Winvalid-utf8]
     ql/time/calendars/argentina.cpp:52:49: warning: invalid UTF-8 in comment [-Winvalid-utf8]
Flavor: r-devel-linux-x86_64-fedora-clang

Version: 0.1.0
Check: installed package size
Result: NOTE
     installed size is 9.0Mb
     sub-directories of 1Mb or more:
     libs 8.9Mb
Flavors: r-release-macos-arm64, r-release-macos-x86_64, r-oldrel-macos-arm64, r-oldrel-macos-x86_64