CRAN Package Check Results for Package RcppMsgPack

Last updated on 2022-10-07 15:53:06 CEST.

Flavor Version Tinstall Tcheck Ttotal Status Flags
r-devel-linux-x86_64-debian-clang 0.2.3 44.40 81.53 125.93 OK
r-devel-linux-x86_64-debian-gcc 0.2.3 37.12 63.33 100.45 OK
r-devel-linux-x86_64-fedora-clang 0.2.3 183.91 NOTE
r-devel-linux-x86_64-fedora-gcc 0.2.3 182.30 OK
r-devel-windows-x86_64 0.2.3 349.00 154.00 503.00 NOTE
r-patched-linux-x86_64 0.2.3 40.61 78.38 118.99 OK
r-release-linux-x86_64 0.2.3 41.17 81.35 122.52 OK
r-release-macos-arm64 0.2.3 51.00 NOTE
r-release-macos-x86_64 0.2.3 84.00 NOTE
r-release-windows-x86_64 0.2.3 526.00 157.00 683.00 NOTE
r-oldrel-macos-arm64 0.2.3 61.00 NOTE
r-oldrel-macos-x86_64 0.2.3 102.00 NOTE
r-oldrel-windows-ix86+x86_64 0.2.3 127.00 218.00 345.00 NOTE

Check Details

Version: 0.2.3
Check: installed package size
Result: NOTE
     installed size is 7.8Mb
     sub-directories of 1Mb or more:
     include 7.0Mb
Flavors: r-devel-linux-x86_64-fedora-clang, r-devel-windows-x86_64, r-release-macos-arm64, r-release-macos-x86_64, r-release-windows-x86_64, r-oldrel-macos-arm64, r-oldrel-macos-x86_64, r-oldrel-windows-ix86+x86_64