Last updated on 2022-07-04 15:54:50 CEST.
Flavor | Version | Tinstall | Tcheck | Ttotal | Status | Flags |
---|---|---|---|---|---|---|
r-devel-linux-x86_64-debian-clang | 0.0.1.2 | 47.93 | 28.15 | 76.08 | NOTE | |
r-devel-linux-x86_64-debian-gcc | 0.0.1.2 | 38.20 | 21.78 | 59.98 | NOTE | |
r-devel-linux-x86_64-fedora-clang | 0.0.1.2 | 113.66 | NOTE | |||
r-devel-linux-x86_64-fedora-gcc | 0.0.1.2 | 109.75 | NOTE | |||
r-devel-windows-x86_64 | 0.0.1.2 | 54.00 | 85.00 | 139.00 | NOTE | |
r-patched-linux-x86_64 | 0.0.1.2 | 39.33 | 27.58 | 66.91 | NOTE | |
r-release-linux-x86_64 | 0.0.1.2 | 45.20 | 27.25 | 72.45 | NOTE | |
r-release-macos-arm64 | 0.0.1.2 | 24.00 | ERROR | |||
r-release-macos-x86_64 | 0.0.1.2 | 28.00 | ERROR | |||
r-release-windows-x86_64 | 0.0.1.2 | 82.00 | 85.00 | 167.00 | NOTE | |
r-oldrel-macos-arm64 | 0.0.1.2 | 25.00 | ERROR | |||
r-oldrel-macos-x86_64 | 0.0.1.2 | 27.00 | ERROR | |||
r-oldrel-windows-ix86+x86_64 | 0.0.1.2 | 136.00 | 87.00 | 223.00 | NOTE |
Version: 0.0.1.2
Check: LazyData
Result: NOTE
'LazyData' is specified without a 'data' directory
Flavors: r-devel-linux-x86_64-debian-clang, r-devel-linux-x86_64-debian-gcc, r-devel-linux-x86_64-fedora-clang, r-devel-linux-x86_64-fedora-gcc, r-devel-windows-x86_64, r-patched-linux-x86_64, r-release-linux-x86_64, r-release-windows-x86_64, r-oldrel-windows-ix86+x86_64
Version: 0.0.1.2
Check: for GNU extensions in Makefiles
Result: NOTE
GNU make is a SystemRequirements.
Flavors: r-devel-linux-x86_64-debian-clang, r-devel-linux-x86_64-debian-gcc, r-devel-linux-x86_64-fedora-clang, r-devel-linux-x86_64-fedora-gcc, r-devel-windows-x86_64, r-patched-linux-x86_64, r-release-linux-x86_64, r-release-windows-x86_64, r-oldrel-windows-ix86+x86_64
Version: 0.0.1.2
Check: whether package can be installed
Result: ERROR
Installation failed.
Flavors: r-release-macos-arm64, r-release-macos-x86_64, r-oldrel-macos-arm64, r-oldrel-macos-x86_64
Version: 0.0.1.2
Check: installed package size
Result: NOTE
installed size is 5.9Mb
sub-directories of 1Mb or more:
libs 5.8Mb
Flavor: r-oldrel-windows-ix86+x86_64