CRAN Package Check Results for Package RcppMLPACK

Last updated on 2020-10-23 15:48:15 CEST.

Flavor Version Tinstall Tcheck Ttotal Status Flags
r-devel-linux-x86_64-debian-clang 1.0.10-7 533.59 32.10 565.69 OK
r-devel-linux-x86_64-debian-gcc 1.0.10-7 352.89 26.36 379.25 OK
r-devel-linux-x86_64-fedora-clang 1.0.10-7 788.48 NOTE
r-devel-linux-x86_64-fedora-gcc 1.0.10-7 711.38 OK
r-devel-windows-ix86+x86_64 1.0.10-7 1002.00 93.00 1095.00 NOTE
r-patched-linux-x86_64 1.0.10-7 442.14 32.24 474.38 OK
r-patched-solaris-x86 1.0.10-7 603.10 NOTE
r-release-linux-x86_64 1.0.10-7 444.87 32.17 477.04 OK
r-release-macos-x86_64 1.0.10-7 WARN
r-release-windows-ix86+x86_64 1.0.10-7 741.00 81.00 822.00 NOTE
r-oldrel-macos-x86_64 1.0.10-7 WARN
r-oldrel-windows-ix86+x86_64 1.0.10-7 908.00 68.00 976.00 NOTE

Check Details

Version: 1.0.10-7
Check: installed package size
Result: NOTE
     installed size is 57.9Mb
     sub-directories of 1Mb or more:
     include 1.9Mb
     lib 42.8Mb
     libs 12.9Mb
Flavors: r-devel-linux-x86_64-fedora-clang, r-devel-windows-ix86+x86_64, r-patched-solaris-x86, r-release-macos-x86_64, r-release-windows-ix86+x86_64, r-oldrel-macos-x86_64, r-oldrel-windows-ix86+x86_64

Version: 1.0.10-7
Check: whether package can be installed
Result: WARN
    Found the following significant warnings:
     WARNING: shared objects/dynamic libraries with hard-coded temporary installation paths
Flavors: r-release-macos-x86_64, r-oldrel-macos-x86_64