CRAN Package Check Results for Package RcppGreedySetCover

Last updated on 2022-10-01 15:53:01 CEST.

Flavor Version Tinstall Tcheck Ttotal Status Flags
r-devel-linux-x86_64-debian-clang 0.1.0 20.74 33.44 54.18 NOTE
r-devel-linux-x86_64-debian-gcc 0.1.0 16.46 25.08 41.54 NOTE
r-devel-linux-x86_64-fedora-clang 0.1.0 85.03 NOTE
r-devel-linux-x86_64-fedora-gcc 0.1.0 78.29 NOTE
r-devel-windows-x86_64 0.1.0 113.00 77.00 190.00 NOTE
r-patched-linux-x86_64 0.1.0 15.77 31.10 46.87 NOTE
r-release-linux-x86_64 0.1.0 15.60 31.52 47.12 NOTE
r-release-macos-arm64 0.1.0 22.00 NOTE
r-release-macos-x86_64 0.1.0 32.00 NOTE
r-release-windows-x86_64 0.1.0 31.00 76.00 107.00 NOTE
r-oldrel-macos-arm64 0.1.0 28.00 NOTE
r-oldrel-macos-x86_64 0.1.0 39.00 NOTE
r-oldrel-windows-ix86+x86_64 0.1.0 56.00 106.00 162.00 NOTE

Check Details

Version: 0.1.0
Check: LazyData
Result: NOTE
     'LazyData' is specified without a 'data' directory
Flavors: r-devel-linux-x86_64-debian-clang, r-devel-linux-x86_64-debian-gcc, r-devel-linux-x86_64-fedora-clang, r-devel-linux-x86_64-fedora-gcc, r-devel-windows-x86_64, r-patched-linux-x86_64, r-release-linux-x86_64, r-release-macos-arm64, r-release-macos-x86_64, r-release-windows-x86_64, r-oldrel-macos-arm64, r-oldrel-macos-x86_64, r-oldrel-windows-ix86+x86_64