CRAN Package Check Results for Package RcppGetconf

Last updated on 2021-01-18 03:48:35 CET.

Flavor Version Tinstall Tcheck Ttotal Status Flags
r-devel-linux-x86_64-debian-clang 0.0.3 19.95 24.71 44.66 OK
r-devel-linux-x86_64-debian-gcc 0.0.3 11.83 19.79 31.62 OK
r-devel-linux-x86_64-fedora-clang 0.0.3 68.13 NOTE
r-devel-linux-x86_64-fedora-gcc 0.0.3 55.15 NOTE
r-patched-linux-x86_64 0.0.3 15.51 23.76 39.27 OK
r-patched-solaris-x86 0.0.3 69.30 OK
r-release-linux-x86_64 0.0.3 16.84 23.67 40.51 OK
r-release-macos-x86_64 0.0.3 OK
r-oldrel-macos-x86_64 0.0.3 OK

Check Details

Version: 0.0.3
Check: top-level files
Result: NOTE
    ‘configure’: /bin/bash is not portable
Flavors: r-devel-linux-x86_64-fedora-clang, r-devel-linux-x86_64-fedora-gcc