CRAN Package Check Results for Package RcppGetconf

Last updated on 2020-10-26 03:48:32 CET.

Flavor Version Tinstall Tcheck Ttotal Status Flags
r-devel-linux-x86_64-debian-clang 0.0.3 16.00 23.61 39.61 OK
r-devel-linux-x86_64-debian-gcc 0.0.3 13.82 18.70 32.52 OK
r-devel-linux-x86_64-fedora-clang 0.0.3 66.86 NOTE
r-devel-linux-x86_64-fedora-gcc 0.0.3 57.22 NOTE
r-patched-linux-x86_64 0.0.3 18.02 22.53 40.55 OK
r-patched-solaris-x86 0.0.3 67.60 OK
r-release-linux-x86_64 0.0.3 19.83 22.55 42.38 OK
r-release-macos-x86_64 0.0.3 OK
r-oldrel-macos-x86_64 0.0.3 OK

Check Details

Version: 0.0.3
Check: top-level files
Result: NOTE
    ‘configure’: /bin/bash is not portable
Flavors: r-devel-linux-x86_64-fedora-clang, r-devel-linux-x86_64-fedora-gcc