CRAN Package Check Results for Package RcppEigen

Last updated on 2020-09-20 16:14:26 CEST.

Flavor Version Tinstall Tcheck Ttotal Status Flags
r-devel-linux-x86_64-debian-clang 0.3.3.7.0 88.18 75.82 164.00 OK
r-devel-linux-x86_64-debian-gcc 0.3.3.7.0 63.97 60.95 124.92 OK
r-devel-linux-x86_64-fedora-clang 0.3.3.7.0 217.41 NOTE
r-devel-linux-x86_64-fedora-gcc 0.3.3.7.0 208.49 OK
r-devel-windows-ix86+x86_64 0.3.3.7.0 171.00 319.00 490.00 NOTE
r-patched-linux-x86_64 0.3.3.7.0 74.91 74.69 149.60 OK
r-patched-solaris-x86 0.3.3.7.0 309.10 NOTE
r-release-linux-x86_64 0.3.3.7.0 67.68 74.65 142.33 OK
r-release-macos-x86_64 0.3.3.7.0 NOTE
r-release-windows-ix86+x86_64 0.3.3.7.0 176.00 295.00 471.00 NOTE
r-oldrel-macos-x86_64 0.3.3.7.0 NOTE
r-oldrel-windows-ix86+x86_64 0.3.3.7.0 114.00 301.00 415.00 NOTE

Check Details

Version: 0.3.3.7.0
Check: installed package size
Result: NOTE
     installed size is 32.7Mb
     sub-directories of 1Mb or more:
     include 7.9Mb
     libs 24.1Mb
Flavors: r-devel-linux-x86_64-fedora-clang, r-devel-windows-ix86+x86_64, r-patched-solaris-x86, r-release-macos-x86_64, r-release-windows-ix86+x86_64, r-oldrel-macos-x86_64, r-oldrel-windows-ix86+x86_64