CRAN Package Check Results for Package RcppCNPy

Last updated on 2021-01-26 15:49:54 CET.

Flavor Version Tinstall Tcheck Ttotal Status Flags
r-devel-linux-x86_64-debian-clang 0.2.10 20.77 62.29 83.06 OK
r-devel-linux-x86_64-debian-gcc 0.2.10 14.65 50.26 64.91 OK
r-devel-linux-x86_64-fedora-clang 0.2.10 122.20 NOTE
r-devel-linux-x86_64-fedora-gcc 0.2.10 110.18 NOTE
r-devel-windows-ix86+x86_64 0.2.10 53.00 123.00 176.00 OK
r-patched-linux-x86_64 0.2.10 16.77 61.18 77.95 OK
r-patched-solaris-x86 0.2.10 97.60 WARN
r-release-linux-x86_64 0.2.10 17.43 61.57 79.00 OK
r-release-macos-x86_64 0.2.10 OK
r-release-windows-ix86+x86_64 0.2.10 54.00 94.00 148.00 OK
r-oldrel-macos-x86_64 0.2.10 OK
r-oldrel-windows-ix86+x86_64 0.2.10 41.00 116.00 157.00 OK

Check Details

Version: 0.2.10
Check: top-level files
Result: NOTE
    ‘cleanup’: /bin/bash is not portable
Flavors: r-devel-linux-x86_64-fedora-clang, r-devel-linux-x86_64-fedora-gcc

Version: 0.2.10
Check: re-building of vignette outputs
Result: WARN
    Error(s) in re-building vignettes:
     ...
    --- re-building ‘RcppCNPy-intro.Rmd’ using rmarkdown
    Warning in engine$weave(file, quiet = quiet, encoding = enc) :
     Pandoc (>= 1.12.3) and/or pandoc-citeproc not available. Falling back to R Markdown v1.
    Quitting from lines 95-104 (RcppCNPy-intro.Rmd)
    Error: processing vignette 'RcppCNPy-intro.Rmd' failed with diagnostics:
    ImportError: No module named 'numpy'
    
    Detailed traceback:
     File "<string>", line 1, in <module>
     File "/home/ripley/R/Lib32/reticulate/python/rpytools/loader.py", line 24, in _import_hook
     level=level
    
    --- failed re-building ‘RcppCNPy-intro.Rmd’
    
    --- re-building ‘UsingReticulate.Rmd’ using rmarkdown
    Warning in engine$weave(file, quiet = quiet, encoding = enc) :
     Pandoc (>= 1.12.3) and/or pandoc-citeproc not available. Falling back to R Markdown v1.
    Quitting from lines 84-94 (UsingReticulate.Rmd)
    Error: processing vignette 'UsingReticulate.Rmd' failed with diagnostics:
    ImportError: No module named 'numpy'
    
    Detailed traceback:
     File "/home/ripley/R/Lib32/reticulate/python/rpytools/loader.py", line 24, in _import_hook
     level=level
    
    --- failed re-building ‘UsingReticulate.Rmd’
    
    SUMMARY: processing the following files failed:
     ‘RcppCNPy-intro.Rmd’ ‘UsingReticulate.Rmd’
    
    Error: Vignette re-building failed.
    Execution halted
Flavor: r-patched-solaris-x86