CRAN Package Check Results for Package RcppBDT

Last updated on 2022-09-24 15:55:28 CEST.

Flavor Version Tinstall Tcheck Ttotal Status Flags
r-devel-linux-x86_64-debian-clang 0.2.5 102.71 89.39 192.10 OK
r-devel-linux-x86_64-debian-gcc 0.2.5 97.87 63.91 161.78 OK
r-devel-linux-x86_64-fedora-clang 0.2.5 282.88 OK
r-devel-linux-x86_64-fedora-gcc 0.2.5 286.33 OK
r-devel-windows-x86_64 0.2.5 119.00 137.00 256.00 OK
r-patched-linux-x86_64 0.2.5 104.84 86.74 191.58 OK
r-release-linux-x86_64 0.2.5 105.79 84.66 190.45 OK
r-release-macos-arm64 0.2.5 64.00 NOTE
r-release-macos-x86_64 0.2.5 83.00 NOTE
r-release-windows-x86_64 0.2.5 194.00 134.00 328.00 OK
r-oldrel-macos-arm64 0.2.5 62.00 NOTE
r-oldrel-macos-x86_64 0.2.5 78.00 NOTE
r-oldrel-windows-ix86+x86_64 0.2.5 277.00 172.00 449.00 OK

Check Details

Version: 0.2.5
Check: installed package size
Result: NOTE
     installed size is 8.9Mb
     sub-directories of 1Mb or more:
     libs 8.7Mb
Flavors: r-release-macos-arm64, r-release-macos-x86_64, r-oldrel-macos-arm64, r-oldrel-macos-x86_64