CRAN Package Check Results for Package RcppAnnoy

Last updated on 2021-01-26 15:49:54 CET.

Flavor Version Tinstall Tcheck Ttotal Status Flags
r-devel-linux-x86_64-debian-clang 0.0.18 53.45 92.12 145.57 OK
r-devel-linux-x86_64-debian-gcc 0.0.18 36.26 66.03 102.29 OK
r-devel-linux-x86_64-fedora-clang 0.0.18 193.98 NOTE
r-devel-linux-x86_64-fedora-gcc 0.0.18 179.74 OK
r-devel-windows-ix86+x86_64 0.0.18 140.00 205.00 345.00 OK
r-patched-linux-x86_64 0.0.18 46.29 88.65 134.94 OK
r-patched-solaris-x86 0.0.18 192.10 OK
r-release-linux-x86_64 0.0.18 45.44 87.38 132.82 OK
r-release-macos-x86_64 0.0.18 NOTE
r-release-windows-ix86+x86_64 0.0.18 142.00 164.00 306.00 OK
r-oldrel-macos-x86_64 0.0.18 NOTE
r-oldrel-windows-ix86+x86_64 0.0.18 111.00 192.00 303.00 OK

Check Details

Version: 0.0.18
Check: installed package size
Result: NOTE
     installed size is 6.4Mb
     sub-directories of 1Mb or more:
     libs 5.9Mb
Flavors: r-devel-linux-x86_64-fedora-clang, r-release-macos-x86_64, r-oldrel-macos-x86_64