CRAN Package Check Results for Package RcmdrPlugin.aRnova

Last updated on 2020-11-25 15:52:05 CET.

Flavor Version Tinstall Tcheck Ttotal Status Flags
r-devel-linux-x86_64-debian-clang 0.0.5 18.77 121.97 140.74 OK
r-devel-linux-x86_64-debian-gcc 0.0.5 14.47 95.29 109.76 OK
r-devel-linux-x86_64-fedora-clang 0.0.5 185.85 NOTE
r-devel-linux-x86_64-fedora-gcc 0.0.5 191.63 OK
r-devel-windows-ix86+x86_64 0.0.5 39.00 124.00 163.00 OK
r-patched-linux-x86_64 0.0.5 14.19 115.47 129.66 OK
r-patched-solaris-x86 0.0.5 272.60 OK
r-release-linux-x86_64 0.0.5 15.80 117.01 132.81 OK
r-release-macos-x86_64 0.0.5 OK
r-release-windows-ix86+x86_64 0.0.5 46.00 112.00 158.00 OK
r-oldrel-macos-x86_64 0.0.5 OK
r-oldrel-windows-ix86+x86_64 0.0.5 21.00 136.00 157.00 OK

Check Details

Version: 0.0.5
Check: Rd cross-references
Result: NOTE
    Undeclared package ‘car’ in Rd xrefs
Flavor: r-devel-linux-x86_64-fedora-clang