CRAN Package Check Results for Package RcmdrPlugin.NMBU

Last updated on 2020-09-23 16:38:50 CEST.

Flavor Version Tinstall Tcheck Ttotal Status Flags
r-devel-linux-x86_64-debian-clang 1.8.11 28.73 156.97 185.70 OK
r-devel-linux-x86_64-debian-gcc 1.8.11 23.09 119.82 142.91 OK
r-devel-linux-x86_64-fedora-clang 1.8.11 254.13 OK
r-devel-linux-x86_64-fedora-gcc 1.8.11 246.93 OK
r-devel-windows-ix86+x86_64 1.8.11 93.00 174.00 267.00 OK
r-patched-linux-x86_64 1.8.11 21.95 145.68 167.63 OK
r-patched-solaris-x86 1.8.11 325.80 OK
r-release-linux-x86_64 1.8.11 27.12 146.00 173.12 OK
r-release-macos-x86_64 1.8.11 OK
r-release-windows-ix86+x86_64 1.8.11 51.00 180.00 231.00 OK
r-oldrel-macos-x86_64 1.8.11 WARN
r-oldrel-windows-ix86+x86_64 1.8.11 31.00 140.00 171.00 OK

Check Details

Version: 1.8.11
Check: dependencies in R code
Result: NOTE
    No protocol specified
    No protocol specified
Flavor: r-oldrel-macos-x86_64

Version: 1.8.11
Check: S3 generic/method consistency
Result: WARN
    No protocol specified
    No protocol specified
    See section ‘Generic functions and methods’ in the ‘Writing R
    Extensions’ manual.
Flavor: r-oldrel-macos-x86_64

Version: 1.8.11
Check: replacement functions
Result: WARN
    No protocol specified
    No protocol specified
    The argument of a replacement function which corresponds to the right
    hand side must be named ‘value’.
Flavor: r-oldrel-macos-x86_64

Version: 1.8.11
Check: foreign function calls
Result: NOTE
    No protocol specified
    No protocol specified
    See chapter ‘System and foreign language interfaces’ in the ‘Writing R
    Extensions’ manual.
Flavor: r-oldrel-macos-x86_64

Version: 1.8.11
Check: R code for possible problems
Result: NOTE
    No protocol specified
    No protocol specified
Flavor: r-oldrel-macos-x86_64

Version: 1.8.11
Check: for missing documentation entries
Result: WARN
    No protocol specified
    No protocol specified
    All user-level objects in a package should have documentation entries.
    See chapter ‘Writing R documentation files’ in the ‘Writing R
    Extensions’ manual.
Flavor: r-oldrel-macos-x86_64

Version: 1.8.11
Check: for code/documentation mismatches
Result: WARN
    No protocol specified
    No protocol specified
    No protocol specified
    No protocol specified
    No protocol specified
    No protocol specified
Flavor: r-oldrel-macos-x86_64

Version: 1.8.11
Check: Rd \usage sections
Result: NOTE
    No protocol specified
    No protocol specified
    The \usage entries for S3 methods should use the \method markup and not
    their full name.
    See chapter ‘Writing R documentation files’ in the ‘Writing R
    Extensions’ manual.
Flavor: r-oldrel-macos-x86_64