CRAN Package Check Results for Package RcmdrPlugin.KMggplot2

Last updated on 2025-01-18 04:48:34 CET.

Flavor Version Tinstall Tcheck Ttotal Status Flags
r-devel-linux-x86_64-debian-clang 0.2-6 22.55 179.10 201.65 NOTE
r-devel-linux-x86_64-debian-gcc 0.2-6 16.60 128.49 145.09 NOTE
r-devel-linux-x86_64-fedora-clang 0.2-6 343.64 OK
r-devel-linux-x86_64-fedora-gcc 0.2-6 346.06 OK
r-devel-windows-x86_64 0.2-6 31.00 408.00 439.00 NOTE
r-patched-linux-x86_64 0.2-6 29.92 165.83 195.75 OK
r-release-linux-x86_64 0.2-6 19.47 165.50 184.97 OK
r-release-macos-arm64 0.2-6 104.00 OK
r-release-macos-x86_64 0.2-6 142.00 OK
r-release-windows-x86_64 0.2-6 32.00 279.00 311.00 OK
r-oldrel-macos-arm64 0.2-6 95.00 OK
r-oldrel-macos-x86_64 0.2-6 154.00 OK
r-oldrel-windows-x86_64 0.2-6 31.00 242.00 273.00 OK

Check Details

Version: 0.2-6
Check: Rd cross-references
Result: NOTE Found the following Rd file(s) with Rd \link{} targets missing package anchors: geom_stepribbon.Rd: aes, aes_, ggplot, fortify, borders, layer Please provide package anchors for all Rd \link{} targets not in the package itself and the base packages. Flavors: r-devel-linux-x86_64-debian-clang, r-devel-linux-x86_64-debian-gcc, r-devel-windows-x86_64