CRAN Package Check Results for Package RcmdrPlugin.HH

Last updated on 2022-10-01 03:54:17 CEST.

Flavor Version Tinstall Tcheck Ttotal Status Flags
r-devel-linux-x86_64-debian-clang 1.1-47 26.81 182.56 209.37 OK
r-devel-linux-x86_64-debian-gcc 1.1-47 20.06 133.38 153.44 OK
r-devel-linux-x86_64-fedora-clang 1.1-47 272.01 NOTE
r-devel-linux-x86_64-fedora-gcc 1.1-47 271.38 OK
r-devel-windows-x86_64 1.1-47 50.00 206.00 256.00 OK
r-patched-linux-x86_64 1.1-47 27.40 182.42 209.82 OK
r-release-linux-x86_64 1.1-47 25.02 180.35 205.37 OK
r-release-macos-arm64 1.1-47 84.00 OK
r-release-macos-x86_64 1.1-47 188.00 OK
r-release-windows-x86_64 1.1-47 78.00 326.00 404.00 OK
r-oldrel-macos-arm64 1.1-47 83.00 OK
r-oldrel-macos-x86_64 1.1-47 169.00 OK
r-oldrel-windows-ix86+x86_64 1.1-47 54.00 200.00 254.00 OK

Check Details

Version: 1.1-47
Check: Rd cross-references
Result: NOTE
    Undeclared packages ‘car’, ‘leaps’, ‘latticeExtra’, ‘rgl’ in Rd xrefs
Flavor: r-devel-linux-x86_64-fedora-clang