Last updated on 2023-02-08 15:52:51 CET.
Flavor | Version | Tinstall | Tcheck | Ttotal | Status | Flags |
---|---|---|---|---|---|---|
r-devel-linux-x86_64-debian-clang | 1.1.3.1 | 57.36 | 410.64 | 468.00 | NOTE | |
r-devel-linux-x86_64-debian-gcc | 1.1.3.1 | 46.76 | 302.21 | 348.97 | NOTE | |
r-devel-linux-x86_64-fedora-clang | 1.1.3.1 | 620.55 | NOTE | |||
r-devel-linux-x86_64-fedora-gcc | 1.1.3.1 | 596.35 | NOTE | |||
r-devel-windows-x86_64 | 1.1.3.1 | 106.00 | 467.00 | 573.00 | NOTE | |
r-patched-linux-x86_64 | 1.1.3.1 | 65.24 | 413.46 | 478.70 | NOTE | |
r-release-linux-x86_64 | 1.1.3.1 | 63.55 | 414.16 | 477.71 | NOTE | |
r-release-macos-arm64 | 1.1.3.1 | 212.00 | NOTE | |||
r-release-macos-x86_64 | 1.1.3.1 | 276.00 | NOTE | |||
r-release-windows-x86_64 | 1.1.3.1 | 289.00 | 456.00 | 745.00 | NOTE | |
r-oldrel-macos-arm64 | 1.1.3.1 | 150.00 | NOTE | |||
r-oldrel-macos-x86_64 | 1.1.3.1 | 229.00 | NOTE | |||
r-oldrel-windows-ix86+x86_64 | 1.1.3.1 | 114.00 | 407.00 | 521.00 | NOTE |
Version: 1.1.3.1
Check: package dependencies
Result: NOTE
Depends: includes the non-default packages:
'biclust', 'fabia', 'iBBiG', 'superbiclust', 'BcDiag', 'BicARE',
's4vd', 'BiBitR'
Adding so many packages to the search path is excessive and importing
selectively is preferable.
Flavors: r-devel-linux-x86_64-debian-clang, r-devel-linux-x86_64-debian-gcc, r-devel-linux-x86_64-fedora-clang, r-devel-linux-x86_64-fedora-gcc, r-devel-windows-x86_64, r-patched-linux-x86_64, r-release-linux-x86_64, r-release-windows-x86_64, r-oldrel-windows-ix86+x86_64
Version: 1.1.3.1
Check: package dependencies
Result: NOTE
Package suggested but not available for checking: ‘rqubic’
Depends: includes the non-default packages:
'biclust', 'fabia', 'iBBiG', 'superbiclust', 'BcDiag', 'BicARE',
's4vd', 'BiBitR'
Adding so many packages to the search path is excessive and importing
selectively is preferable.
Flavors: r-release-macos-arm64, r-release-macos-x86_64, r-oldrel-macos-arm64, r-oldrel-macos-x86_64