Last updated on 2022-07-06 03:52:24 CEST.
Flavor | Version | Tinstall | Tcheck | Ttotal | Status | Flags |
---|---|---|---|---|---|---|
r-devel-linux-x86_64-debian-clang | 0.1-5 | 19.43 | 159.60 | 179.03 | OK | |
r-devel-linux-x86_64-debian-gcc | 0.1-5 | 14.37 | 115.63 | 130.00 | OK | |
r-devel-linux-x86_64-fedora-clang | 0.1-5 | 234.12 | WARN | |||
r-devel-linux-x86_64-fedora-gcc | 0.1-5 | 233.56 | WARN | |||
r-devel-windows-x86_64 | 0.1-5 | 47.00 | 193.00 | 240.00 | OK | |
r-patched-linux-x86_64 | 0.1-5 | 29.42 | 169.60 | 199.02 | OK | |
r-release-linux-x86_64 | 0.1-5 | 22.10 | 168.34 | 190.44 | OK | |
r-release-macos-arm64 | 0.1-5 | 94.00 | OK | |||
r-release-macos-x86_64 | 0.1-5 | 210.00 | OK | |||
r-release-windows-x86_64 | 0.1-5 | 56.00 | 195.00 | 251.00 | OK | |
r-oldrel-macos-arm64 | 0.1-5 | 97.00 | OK | |||
r-oldrel-macos-x86_64 | 0.1-5 | 102.00 | OK | |||
r-oldrel-windows-ix86+x86_64 | 0.1-5 | 41.00 | 165.00 | 206.00 | OK |
Version: 0.1-5
Check: package dependencies
Result: WARN
Requires (indirectly) orphaned package: ‘gtools’
Flavors: r-devel-linux-x86_64-fedora-clang, r-devel-linux-x86_64-fedora-gcc