CRAN Package Check Results for Package RcellData

Last updated on 2021-09-19 03:51:25 CEST.

Flavor Version Tinstall Tcheck Ttotal Status Flags
r-devel-linux-x86_64-debian-clang 1.3-2 2.02 17.02 19.04 OK
r-devel-linux-x86_64-debian-gcc 1.3-2 1.55 13.56 15.11 OK
r-devel-linux-x86_64-fedora-clang 1.3-2 32.01 OK
r-devel-linux-x86_64-fedora-gcc 1.3-2 21.96 OK
r-devel-windows-x86_64 1.3-2 3.00 29.00 32.00 OK
r-devel-windows-x86_64-gcc10-UCRT 1.3-2 ERROR
r-patched-linux-x86_64 1.3-2 1.83 16.53 18.36 OK
r-patched-solaris-x86 1.3-2 37.30 OK
r-release-linux-x86_64 1.3-2 1.93 16.58 18.51 OK
r-release-macos-arm64 1.3-2 OK
r-release-macos-x86_64 1.3-2 OK
r-release-windows-ix86+x86_64 1.3-2 5.00 26.00 31.00 OK
r-oldrel-macos-x86_64 1.3-2 OK
r-oldrel-windows-ix86+x86_64 1.3-2 3.00 79.00 82.00 OK

Check Details

Version: 1.3-2
Check: whether package can be installed
Result: WARN
    Found the following significant warnings:
     WARNING: installation-time patches will not be applied, could not get the patches index
Flavor: r-devel-windows-x86_64-gcc10-UCRT

Version: 1.3-2
Check: PDF version of manual
Result: WARN
    LaTeX errors when creating PDF version.
    This typically indicates Rd problems.
Flavor: r-devel-windows-x86_64-gcc10-UCRT

Version: 1.3-2
Check: PDF version of manual without hyperrefs or index
Result: ERROR
    Re-running with no redirection of stdout/stderr.
Flavor: r-devel-windows-x86_64-gcc10-UCRT