CRAN Package Check Results for Package RcellData

Last updated on 2020-09-22 03:49:36 CEST.

Flavor Version Tinstall Tcheck Ttotal Status Flags
r-devel-linux-x86_64-debian-clang 1.3-2 1.68 14.41 16.09 OK
r-devel-linux-x86_64-debian-gcc 1.3-2 0.45 1.67 2.12 ERROR
r-devel-linux-x86_64-fedora-clang 1.3-2 29.35 OK
r-devel-linux-x86_64-fedora-gcc 1.3-2 20.11 OK
r-devel-windows-ix86+x86_64 1.3-2 5.00 22.00 27.00 OK
r-patched-linux-x86_64 1.3-2 1.52 14.48 16.00 OK
r-patched-solaris-x86 1.3-2 32.50 OK
r-release-linux-x86_64 1.3-2 1.75 14.47 16.22 OK
r-release-macos-x86_64 1.3-2 OK
r-release-windows-ix86+x86_64 1.3-2 5.00 24.00 29.00 OK
r-oldrel-macos-x86_64 1.3-2 OK
r-oldrel-windows-ix86+x86_64 1.3-2 5.00 30.00 35.00 OK

Check Details

Version: 1.3-2
Check: whether package can be installed
Result: ERROR
    Installation failed.
Flavor: r-devel-linux-x86_64-debian-gcc