CRAN Package Check Results for Package Rcatch22

Last updated on 2022-08-19 03:57:42 CEST.

Flavor Version Tinstall Tcheck Ttotal Status Flags
r-devel-linux-x86_64-debian-clang 0.2.1 24.83 39.11 63.94 OK
r-devel-linux-x86_64-debian-gcc 0.2.1 19.07 30.49 49.56 OK
r-devel-linux-x86_64-fedora-clang 0.2.1 95.35 NOTE
r-devel-linux-x86_64-fedora-gcc 0.2.1 86.75 NOTE
r-devel-windows-x86_64 0.2.1 50.00 105.00 155.00 OK
r-patched-linux-x86_64 0.2.1 23.37 37.23 60.60 OK
r-release-linux-x86_64 0.2.1 OK
r-release-macos-arm64 0.2.1 29.00 NOTE
r-release-macos-x86_64 0.2.1 40.00 NOTE
r-release-windows-x86_64 0.2.1 49.00 102.00 151.00 OK
r-oldrel-macos-arm64 0.2.1 28.00 NOTE
r-oldrel-macos-x86_64 0.2.1 48.00 NOTE
r-oldrel-windows-ix86+x86_64 0.2.1 75.00 108.00 183.00 OK

Check Details

Version: 0.2.1
Check: dependencies in R code
Result: NOTE
    Namespace in Imports field not imported from: ‘stats’
     All declared Imports should be used.
Flavors: r-devel-linux-x86_64-fedora-clang, r-devel-linux-x86_64-fedora-gcc, r-release-macos-arm64, r-release-macos-x86_64, r-oldrel-macos-arm64, r-oldrel-macos-x86_64