CRAN Package Check Results for Package Rblpapi

Last updated on 2022-10-07 15:53:06 CEST.

Flavor Version Tinstall Tcheck Ttotal Status Flags
r-devel-linux-x86_64-debian-clang 0.3.13 143.77 35.50 179.27 NOTE
r-devel-linux-x86_64-debian-gcc 0.3.14 118.43 27.55 145.98 OK
r-devel-linux-x86_64-fedora-clang 0.3.14 295.58 NOTE
r-devel-linux-x86_64-fedora-gcc 0.3.13 261.08 NOTE
r-devel-windows-x86_64 0.3.14 143.00 192.00 335.00 NOTE
r-patched-linux-x86_64 0.3.13 129.91 33.43 163.34 NOTE
r-release-linux-x86_64 0.3.13 121.81 33.37 155.18 NOTE
r-release-macos-arm64 0.3.14 8.00 ERROR
r-release-macos-x86_64 0.3.13 85.00 NOTE
r-release-windows-x86_64 0.3.13 130.00 166.00 296.00 NOTE
r-oldrel-macos-arm64 0.3.13 11.00 ERROR
r-oldrel-macos-x86_64 0.3.13 87.00 NOTE
r-oldrel-windows-ix86+x86_64 0.3.13 367.00 138.00 505.00 NOTE

Check Details

Version: 0.3.13
Check: package dependencies
Result: NOTE
    Package suggested but not available for checking: 'fts'
Flavors: r-devel-linux-x86_64-debian-clang, r-devel-linux-x86_64-fedora-gcc, r-patched-linux-x86_64, r-release-linux-x86_64

Version: 0.3.13
Check: whether package can be installed
Result: NOTE
    Found the following notes/warnings:
     Non-staged installation was used
Flavors: r-devel-linux-x86_64-debian-clang, r-devel-linux-x86_64-fedora-gcc, r-patched-linux-x86_64, r-release-linux-x86_64, r-release-macos-x86_64, r-release-windows-x86_64, r-oldrel-macos-x86_64, r-oldrel-windows-ix86+x86_64

Version: 0.3.14
Check: installed package size
Result: NOTE
     installed size is 8.6Mb
     sub-directories of 1Mb or more:
     blp 7.1Mb
Flavors: r-devel-linux-x86_64-fedora-clang, r-devel-windows-x86_64

Version: 0.3.14
Check: whether package can be installed
Result: ERROR
    Installation failed.
Flavor: r-release-macos-arm64

Version: 0.3.13
Check: installed package size
Result: NOTE
     installed size is 11.9Mb
     sub-directories of 1Mb or more:
     blp 5.9Mb
     libs 5.0Mb
Flavors: r-release-macos-x86_64, r-release-windows-x86_64, r-oldrel-macos-x86_64, r-oldrel-windows-ix86+x86_64

Version: 0.3.13
Check: whether package can be installed
Result: ERROR
    Installation failed.
Flavor: r-oldrel-macos-arm64