CRAN Package Check Results for Package Rbgs

Last updated on 2022-08-17 03:52:12 CEST.

Flavor Version Tinstall Tcheck Ttotal Status Flags
r-devel-linux-x86_64-debian-clang 0.2 4.31 41.93 46.24 NOTE
r-devel-linux-x86_64-debian-gcc 0.2 NOTE
r-devel-linux-x86_64-fedora-clang 0.2 64.51 NOTE
r-devel-linux-x86_64-fedora-gcc 0.2 63.72 NOTE
r-devel-windows-x86_64 0.2 14.00 65.00 79.00 NOTE
r-patched-linux-x86_64 0.2 4.61 40.12 44.73 NOTE
r-release-linux-x86_64 0.2 4.06 40.47 44.53 NOTE
r-release-macos-arm64 0.2 22.00 NOTE
r-release-macos-x86_64 0.2 30.00 NOTE
r-release-windows-x86_64 0.2 15.00 70.00 85.00 NOTE
r-oldrel-macos-arm64 0.2 29.00 NOTE
r-oldrel-macos-x86_64 0.2 35.00 NOTE
r-oldrel-windows-ix86+x86_64 0.2 11.00 70.00 81.00 NOTE

Additional issues

donttest

Check Details

Version: 0.2
Check: LazyData
Result: NOTE
     'LazyData' is specified without a 'data' directory
Flavors: r-devel-linux-x86_64-debian-clang, r-devel-linux-x86_64-debian-gcc, r-devel-linux-x86_64-fedora-clang, r-devel-linux-x86_64-fedora-gcc, r-devel-windows-x86_64, r-patched-linux-x86_64, r-release-linux-x86_64, r-release-macos-arm64, r-release-macos-x86_64, r-release-windows-x86_64, r-oldrel-macos-arm64, r-oldrel-macos-x86_64, r-oldrel-windows-ix86+x86_64