CRAN Package Check Results for Package RavenR

Last updated on 2022-06-25 03:51:06 CEST.

Flavor Version Tinstall Tcheck Ttotal Status Flags
r-devel-linux-x86_64-debian-clang 2.1.8 36.01 183.75 219.76 ERROR
r-devel-linux-x86_64-debian-gcc 2.1.9 31.06 132.72 163.78 OK
r-devel-linux-x86_64-fedora-clang 2.1.9 248.84 WARN
r-devel-linux-x86_64-fedora-gcc 2.1.9 266.24 WARN
r-devel-windows-x86_64 2.1.8 92.00 251.00 343.00 OK
r-patched-linux-x86_64 2.1.8 34.69 170.13 204.82 ERROR
r-release-linux-x86_64 2.1.8 24.07 168.18 192.25 ERROR
r-release-macos-arm64 2.1.9 70.00 OK
r-release-macos-x86_64 2.1.8 100.00 OK
r-release-windows-x86_64 2.1.8 95.00 257.00 352.00 OK
r-oldrel-macos-arm64 2.1.9 69.00 OK
r-oldrel-macos-x86_64 2.1.8 99.00 OK
r-oldrel-windows-ix86+x86_64 2.1.9 61.00 308.00 369.00 NOTE

Check Details

Version: 2.1.8
Check: re-building of vignette outputs
Result: ERROR
    Error(s) in re-building vignettes:
     ...
    --- re-building 'Introduction_to_RavenR.Rmd' using rmarkdown
    Warning: Removed 1 rows containing missing values (position_stack).
    Warning: Removed 1 row(s) containing missing values (geom_path).
    Warning: Removed 364 row(s) containing missing values (geom_path).
    Number of months excluded: 1
    Number of months included: 23
    Loading required package: zoo
    
    Attaching package: 'zoo'
    
    The following objects are masked from 'package:base':
    
     as.Date, as.Date.numeric
    
    Warning: timezone of object (UTC) is different than current timezone ().
    Warning: timezone of object (UTC) is different than current timezone ().
    Quitting from lines 274-281 (Introduction_to_RavenR.Rmd)
    Error: processing vignette 'Introduction_to_RavenR.Rmd' failed with diagnostics:
    cannot open the connection
    --- failed re-building 'Introduction_to_RavenR.Rmd'
    
    SUMMARY: processing the following file failed:
     'Introduction_to_RavenR.Rmd'
    
    Error: Vignette re-building failed.
    Execution halted
Flavors: r-devel-linux-x86_64-debian-clang, r-patched-linux-x86_64, r-release-linux-x86_64

Version: 2.1.9
Check: package dependencies
Result: WARN
    Requires (indirectly) orphaned package: ‘gtools’
Flavors: r-devel-linux-x86_64-fedora-clang, r-devel-linux-x86_64-fedora-gcc

Version: 2.1.9
Check: installed package size
Result: NOTE
     installed size is 5.0Mb
     sub-directories of 1Mb or more:
     doc 1.1Mb
     extdata 1.0Mb
     libs 2.1Mb
Flavor: r-oldrel-windows-ix86+x86_64