CRAN Package Check Results for Package Ravages

Last updated on 2024-07-18 03:56:44 CEST.

Flavor Version Tinstall Tcheck Ttotal Status Flags
r-devel-linux-x86_64-debian-clang 1.1.3 387.31 174.27 561.58 NOTE
r-devel-linux-x86_64-debian-gcc 1.1.3 276.37 140.17 416.54 NOTE
r-devel-linux-x86_64-fedora-clang 1.1.3 847.85 NOTE
r-devel-linux-x86_64-fedora-gcc 1.1.3 868.96 NOTE
r-devel-windows-x86_64 1.1.3 299.00 191.00 490.00 NOTE
r-patched-linux-x86_64 1.1.3 243.01 180.44 423.45 NOTE
r-release-linux-x86_64 1.1.3 248.96 180.13 429.09 NOTE
r-release-macos-arm64 1.1.3 179.00 NOTE
r-release-macos-x86_64 1.1.3 238.00 NOTE
r-release-windows-x86_64 1.1.3 297.00 189.00 486.00 NOTE
r-oldrel-macos-arm64 1.1.3 218.00 NOTE
r-oldrel-macos-x86_64 1.1.3 349.00 NOTE
r-oldrel-windows-x86_64 1.1.3 374.00 237.00 611.00 NOTE

Check Details

Version: 1.1.3
Check: Rd files
Result: NOTE checkRd: (-1) rbm.haplos.power.Rd:35: Lost braces; missing escapes or markup? 35 | \item{simus.haplos}{ Which method to simulate the data, if \code{simus.haplos="freqs"}, {rbm.haplos.freqs()} is used, otherwise \code{rbm.haplos.thresholds()} is used.} | ^ Flavors: r-devel-linux-x86_64-debian-clang, r-devel-linux-x86_64-debian-gcc, r-devel-linux-x86_64-fedora-clang, r-devel-linux-x86_64-fedora-gcc, r-devel-windows-x86_64, r-patched-linux-x86_64, r-release-linux-x86_64, r-release-macos-arm64, r-release-macos-x86_64, r-release-windows-x86_64

Version: 1.1.3
Check: installed package size
Result: NOTE installed size is 5.6Mb sub-directories of 1Mb or more: data 3.9Mb Flavors: r-devel-linux-x86_64-fedora-clang, r-devel-windows-x86_64, r-release-macos-arm64, r-release-macos-x86_64, r-release-windows-x86_64, r-oldrel-macos-arm64, r-oldrel-macos-x86_64, r-oldrel-windows-x86_64