CRAN Package Check Results for Package Rankcluster

Last updated on 2024-07-18 03:56:44 CEST.

Flavor Version Tinstall Tcheck Ttotal Status Flags
r-devel-linux-x86_64-debian-clang 0.98.0 67.49 74.10 141.59 OK
r-devel-linux-x86_64-debian-gcc 0.98.0 53.38 58.15 111.53 OK
r-devel-linux-x86_64-fedora-clang 0.98.0 205.87 OK
r-devel-linux-x86_64-fedora-gcc 0.98.0 236.21 OK
r-devel-windows-x86_64 0.98.0 59.00 135.00 194.00 OK
r-patched-linux-x86_64 0.98.0 61.54 72.29 133.83 OK
r-release-linux-x86_64 0.98.0 66.25 73.53 139.78 OK
r-release-macos-arm64 0.98.0 57.00 NOTE
r-release-macos-x86_64 0.98.0 98.00 NOTE
r-release-windows-x86_64 0.98.0 60.00 132.00 192.00 OK
r-oldrel-macos-arm64 0.98.0 77.00 NOTE
r-oldrel-macos-x86_64 0.98.0 173.00 NOTE
r-oldrel-windows-x86_64 0.98.0 72.00 147.00 219.00 OK

Check Details

Version: 0.98.0
Check: installed package size
Result: NOTE installed size is 5.2Mb sub-directories of 1Mb or more: libs 4.5Mb Flavors: r-release-macos-arm64, r-release-macos-x86_64, r-oldrel-macos-arm64, r-oldrel-macos-x86_64