Last updated on 2025-01-25 03:50:04 CET.
Flavor | Version | Tinstall | Tcheck | Ttotal | Status | Flags |
---|---|---|---|---|---|---|
r-devel-linux-x86_64-debian-clang | 0.98.0 | 46.28 | 57.71 | 103.99 | OK | |
r-devel-linux-x86_64-debian-gcc | 0.98.0 | 35.15 | 44.43 | 79.58 | OK | |
r-devel-linux-x86_64-fedora-clang | 0.98.0 | 188.91 | OK | |||
r-devel-linux-x86_64-fedora-gcc | 0.98.0 | 214.35 | OK | |||
r-devel-windows-x86_64 | 0.98.0 | 50.00 | 144.00 | 194.00 | OK | |
r-patched-linux-x86_64 | 0.98.0 | 51.31 | 58.32 | 109.63 | OK | |
r-release-linux-x86_64 | 0.98.0 | 50.72 | 58.31 | 109.03 | OK | |
r-release-macos-arm64 | 0.98.0 | 57.00 | NOTE | |||
r-release-macos-x86_64 | 0.98.0 | 98.00 | NOTE | |||
r-release-windows-x86_64 | 0.98.0 | 51.00 | 147.00 | 198.00 | OK | |
r-oldrel-macos-arm64 | 0.98.0 | 77.00 | NOTE | |||
r-oldrel-macos-x86_64 | 0.98.0 | 173.00 | NOTE | |||
r-oldrel-windows-x86_64 | 0.98.0 | 60.00 | 146.00 | 206.00 | OK |
Version: 0.98.0
Check: installed package size
Result: NOTE
installed size is 5.2Mb
sub-directories of 1Mb or more:
libs 4.5Mb
Flavors: r-release-macos-arm64, r-release-macos-x86_64, r-oldrel-macos-arm64, r-oldrel-macos-x86_64