CRAN Package Check Results for Package RUnit

Last updated on 2020-08-12 15:48:28 CEST.

Flavor Version Tinstall Tcheck Ttotal Status Flags
r-devel-linux-x86_64-debian-clang 0.4.32 3.92 33.07 36.99 NOTE
r-devel-linux-x86_64-debian-gcc 0.4.32 3.01 25.80 28.81 NOTE
r-devel-linux-x86_64-fedora-clang 0.4.32 53.68 NOTE
r-devel-linux-x86_64-fedora-gcc 0.4.32 43.66 NOTE
r-devel-windows-ix86+x86_64 0.4.32 10.00 54.00 64.00 OK
r-patched-linux-x86_64 0.4.32 3.68 32.78 36.46 NOTE
r-patched-solaris-x86 0.4.32 65.00 NOTE
r-release-linux-x86_64 0.4.32 3.77 32.95 36.72 NOTE
r-release-macos-x86_64 0.4.32 OK
r-release-windows-ix86+x86_64 0.4.32 8.00 53.00 61.00 OK
r-oldrel-macos-x86_64 0.4.32 OK
r-oldrel-windows-ix86+x86_64 0.4.32 6.00 49.00 55.00 OK

Check Details

Version: 0.4.32
Check: for non-standard things in the check directory
Result: NOTE
    Found the following files/directories:
     'results'
Flavors: r-devel-linux-x86_64-debian-clang, r-devel-linux-x86_64-debian-gcc, r-devel-linux-x86_64-fedora-clang, r-devel-linux-x86_64-fedora-gcc, r-patched-linux-x86_64, r-patched-solaris-x86, r-release-linux-x86_64