CRAN Package Check Results for Package RSentiment

Last updated on 2020-09-22 03:49:39 CEST.

Flavor Version Tinstall Tcheck Ttotal Status Flags
r-devel-linux-x86_64-debian-clang 2.2.2 2.61 32.88 35.49 OK
r-devel-linux-x86_64-debian-gcc 2.2.2 0.29 2.06 2.35 ERROR
r-devel-linux-x86_64-fedora-clang 2.2.2 52.13 OK
r-devel-linux-x86_64-fedora-gcc 2.2.2 41.88 OK
r-devel-windows-ix86+x86_64 2.2.2 6.00 40.00 46.00 OK
r-patched-linux-x86_64 2.2.2 2.64 33.31 35.95 OK
r-patched-solaris-x86 2.2.2 58.90 OK
r-release-linux-x86_64 2.2.2 2.78 33.28 36.06 OK
r-release-macos-x86_64 2.2.2 OK
r-release-windows-ix86+x86_64 2.2.2 6.00 47.00 53.00 OK
r-oldrel-macos-x86_64 2.2.2 OK
r-oldrel-windows-ix86+x86_64 2.2.2 3.00 47.00 50.00 OK

Check Details

Version: 2.2.2
Check: whether package can be installed
Result: ERROR
    Installation failed.
Flavor: r-devel-linux-x86_64-debian-gcc