Last updated on 2022-06-29 15:50:03 CEST.
Flavor | Version | Tinstall | Tcheck | Ttotal | Status | Flags |
---|---|---|---|---|---|---|
r-devel-linux-x86_64-debian-clang | 0.9.5 | 101.21 | 238.72 | 339.93 | OK | |
r-devel-linux-x86_64-debian-gcc | 0.9.5 | 76.04 | 175.82 | 251.86 | OK | |
r-devel-linux-x86_64-fedora-clang | 0.9.5 | 428.36 | OK | |||
r-devel-linux-x86_64-fedora-gcc | 0.9.5 | 437.93 | OK | |||
r-devel-windows-x86_64 | 0.9.5 | 138.00 | 266.00 | 404.00 | OK | |
r-patched-linux-x86_64 | 0.9.5 | 80.17 | 223.36 | 303.53 | OK | |
r-release-linux-x86_64 | 0.9.5 | 61.14 | 228.26 | 289.40 | OK | |
r-release-macos-arm64 | 0.9.5 | 104.00 | OK | |||
r-release-macos-x86_64 | 0.9.5 | 170.00 | OK | |||
r-release-windows-x86_64 | 0.9.5 | 127.00 | 267.00 | 394.00 | OK | |
r-oldrel-macos-arm64 | 0.9.5 | 93.00 | NOTE | |||
r-oldrel-macos-x86_64 | 0.9.5 | 140.00 | OK | |||
r-oldrel-windows-ix86+x86_64 | 0.9.5 | 213.00 | 380.00 | 593.00 | OK |
Version: 0.9.5
Check: installed package size
Result: NOTE
installed size is 5.2Mb
sub-directories of 1Mb or more:
libs 3.2Mb
Flavor: r-oldrel-macos-arm64