CRAN Package Check Results for Package RSQLite

Last updated on 2020-08-12 03:48:57 CEST.

Flavor Version Tinstall Tcheck Ttotal Status Flags
r-devel-linux-x86_64-debian-clang 2.2.0 261.57 60.36 321.93 OK
r-devel-linux-x86_64-debian-gcc 2.2.0 186.71 46.37 233.08 OK
r-devel-linux-x86_64-fedora-clang 2.2.0 465.00 NOTE
r-devel-linux-x86_64-fedora-gcc 2.2.0 388.26 OK
r-devel-windows-ix86+x86_64 2.2.0 622.00 156.00 778.00 NOTE
r-patched-linux-x86_64 2.2.0 177.98 60.46 238.44 OK
r-patched-solaris-x86 2.2.0 342.10 OK
r-release-linux-x86_64 2.2.0 172.77 59.75 232.52 OK
r-release-macos-x86_64 2.2.0 NOTE
r-release-windows-ix86+x86_64 2.2.0 637.00 168.00 805.00 NOTE
r-oldrel-macos-x86_64 2.2.0 NOTE
r-oldrel-windows-ix86+x86_64 2.2.0 395.00 113.00 508.00 OK

Check Details

Version: 2.2.0
Check: installed package size
Result: NOTE
     installed size is 14.7Mb
     sub-directories of 1Mb or more:
     libs 14.0Mb
Flavors: r-devel-linux-x86_64-fedora-clang, r-devel-windows-ix86+x86_64, r-release-macos-x86_64, r-release-windows-ix86+x86_64, r-oldrel-macos-x86_64