CRAN Package Check Results for Package RSAGA

Last updated on 2020-10-01 15:48:37 CEST.

Flavor Version Tinstall Tcheck Ttotal Status Flags
r-devel-linux-x86_64-debian-clang 1.3.0 10.23 80.92 91.15 OK
r-devel-linux-x86_64-debian-gcc 1.3.0 8.99 61.42 70.41 OK
r-devel-linux-x86_64-fedora-clang 1.3.0 116.82 NOTE
r-devel-linux-x86_64-fedora-gcc 1.3.0 107.87 OK
r-devel-windows-ix86+x86_64 1.3.0 23.00 106.00 129.00 OK
r-patched-linux-x86_64 1.3.0 11.62 76.52 88.14 OK
r-patched-solaris-x86 1.3.0 154.00 OK
r-release-linux-x86_64 1.3.0 10.00 75.34 85.34 OK
r-release-macos-x86_64 1.3.0 OK
r-release-windows-ix86+x86_64 1.3.0 21.00 105.00 126.00 OK
r-oldrel-macos-x86_64 1.3.0 OK
r-oldrel-windows-ix86+x86_64 1.3.0 18.00 100.00 118.00 OK

Check Details

Version: 1.3.0
Check: Rd cross-references
Result: NOTE
    Undeclared package ‘sp’ in Rd xrefs
Flavor: r-devel-linux-x86_64-fedora-clang