CRAN Package Check Results for Package RSA

Last updated on 2025-01-18 04:48:35 CET.

Flavor Version Tinstall Tcheck Ttotal Status Flags
r-devel-linux-x86_64-debian-clang 0.10.6 12.05 81.98 94.03 NOTE
r-devel-linux-x86_64-debian-gcc 0.10.6 9.36 59.33 68.69 NOTE
r-devel-linux-x86_64-fedora-clang 0.10.6 152.63 OK
r-devel-linux-x86_64-fedora-gcc 0.10.6 154.85 OK
r-devel-windows-x86_64 0.10.6 13.00 85.00 98.00 NOTE
r-patched-linux-x86_64 0.10.6 15.52 74.48 90.00 OK
r-release-linux-x86_64 0.10.6 11.20 74.98 86.18 OK
r-release-macos-arm64 0.10.6 54.00 OK
r-release-macos-x86_64 0.10.6 73.00 OK
r-release-windows-x86_64 0.10.6 13.00 83.00 96.00 OK
r-oldrel-macos-arm64 0.10.6 45.00 OK
r-oldrel-macos-x86_64 0.10.6 75.00 NOTE
r-oldrel-windows-x86_64 0.10.6 13.00 96.00 109.00 OK

Check Details

Version: 0.10.6
Check: Rd cross-references
Result: NOTE Found the following Rd file(s) with Rd \link{} targets missing package anchors: RSA.Rd: sem Please provide package anchors for all Rd \link{} targets not in the package itself and the base packages. Flavors: r-devel-linux-x86_64-debian-clang, r-devel-linux-x86_64-debian-gcc, r-devel-windows-x86_64

Version: 0.10.6
Check: package dependencies
Result: NOTE Packages suggested but not available for checking: 'fields', 'qgraph' Flavor: r-oldrel-macos-x86_64