CRAN Package Check Results for Package RQEntangle

Last updated on 2024-07-13 03:49:27 CEST.

Flavor Version Tinstall Tcheck Ttotal Status Flags
r-devel-linux-x86_64-debian-clang 0.1.3 2.60 54.94 57.54 NOTE
r-devel-linux-x86_64-debian-gcc 0.1.3 1.86 42.00 43.86 NOTE
r-devel-linux-x86_64-fedora-clang 0.1.3 77.65 NOTE
r-devel-linux-x86_64-fedora-gcc 0.1.3 88.70 NOTE
r-devel-windows-x86_64 0.1.3 3.00 60.00 63.00 NOTE
r-patched-linux-x86_64 0.1.3 2.65 52.64 55.29 NOTE
r-release-linux-x86_64 0.1.3 2.26 52.78 55.04 NOTE
r-release-macos-arm64 0.1.3 27.00 NOTE
r-release-macos-x86_64 0.1.3 63.00 NOTE
r-release-windows-x86_64 0.1.3 3.00 60.00 63.00 NOTE
r-oldrel-macos-arm64 0.1.3 29.00 NOTE
r-oldrel-macos-x86_64 0.1.3 39.00 NOTE
r-oldrel-windows-x86_64 0.1.3 4.00 67.00 71.00 NOTE

Check Details

Version: 0.1.3
Check: LazyData
Result: NOTE 'LazyData' is specified without a 'data' directory Flavors: r-devel-linux-x86_64-debian-clang, r-devel-linux-x86_64-debian-gcc, r-devel-linux-x86_64-fedora-clang, r-devel-linux-x86_64-fedora-gcc, r-devel-windows-x86_64, r-patched-linux-x86_64, r-release-linux-x86_64, r-release-macos-arm64, r-release-macos-x86_64, r-release-windows-x86_64, r-oldrel-macos-arm64, r-oldrel-macos-x86_64, r-oldrel-windows-x86_64