CRAN Package Check Results for Package RPyGeo

Last updated on 2020-07-13 15:48:45 CEST.

Flavor Version Tinstall Tcheck Ttotal Status Flags
r-devel-linux-x86_64-debian-clang 1.0.0 2.34 29.71 32.05 OK
r-devel-linux-x86_64-debian-gcc 1.0.0 1.94 23.65 25.59 OK
r-devel-linux-x86_64-fedora-clang 1.0.0 48.31 OK
r-devel-linux-x86_64-fedora-gcc 1.0.0 40.40 OK
r-devel-windows-ix86+x86_64 1.0.0 8.00 57.00 65.00 OK
r-patched-linux-x86_64 1.0.0 2.44 29.60 32.04 OK
r-patched-solaris-x86 1.0.0 61.30 OK
r-release-linux-x86_64 1.0.0 2.57 29.80 32.37 OK
r-release-macos-x86_64 1.0.0 ERROR
r-release-windows-ix86+x86_64 1.0.0 8.00 58.00 66.00 OK
r-oldrel-macos-x86_64 1.0.0 OK
r-oldrel-windows-ix86+x86_64 1.0.0 6.00 42.00 48.00 OK

Check Details

Version: 1.0.0
Check: whether package can be installed
Result: ERROR
    Installation failed.
Flavor: r-release-macos-x86_64