CRAN Package Check Results for Package RPostgres

Last updated on 2020-09-27 03:46:42 CEST.

Flavor Version Tinstall Tcheck Ttotal Status Flags
r-devel-linux-x86_64-debian-clang 1.2.0 168.31 43.34 211.65 OK
r-devel-linux-x86_64-debian-gcc 1.2.0 113.88 33.27 147.15 OK
r-devel-linux-x86_64-fedora-clang 1.2.0 317.50 OK
r-devel-linux-x86_64-fedora-gcc 1.2.0 258.31 OK
r-devel-windows-ix86+x86_64 1.2.0 747.00 132.00 879.00 NOTE
r-patched-linux-x86_64 1.2.0 111.06 41.55 152.61 OK
r-release-linux-x86_64 1.2.0 111.69 42.22 153.91 OK
r-release-macos-x86_64 1.2.0 NOTE
r-release-windows-ix86+x86_64 1.2.0 665.00 125.00 790.00 NOTE
r-oldrel-macos-x86_64 1.2.0 NOTE
r-oldrel-windows-ix86+x86_64 1.2.0 684.00 125.00 809.00 NOTE

Check Details

Version: 1.2.0
Check: installed package size
Result: NOTE
     installed size is 8.7Mb
     sub-directories of 1Mb or more:
     libs 8.4Mb
Flavors: r-devel-windows-ix86+x86_64, r-release-macos-x86_64, r-release-windows-ix86+x86_64, r-oldrel-macos-x86_64, r-oldrel-windows-ix86+x86_64