Last updated on 2022-08-08 03:55:53 CEST.
Flavor | Version | Tinstall | Tcheck | Ttotal | Status | Flags |
---|---|---|---|---|---|---|
r-devel-linux-x86_64-debian-clang | 0.7-3 | 10.20 | 50.43 | 60.63 | OK | |
r-devel-linux-x86_64-debian-gcc | 0.7-3 | 7.55 | 38.54 | 46.09 | OK | |
r-devel-linux-x86_64-fedora-clang | 0.7-3 | 16.78 | ERROR | |||
r-devel-linux-x86_64-fedora-gcc | 0.7-3 | 82.23 | OK | |||
r-devel-windows-x86_64 | 0.7-3 | 189.00 | 81.00 | 270.00 | OK | |
r-patched-linux-x86_64 | 0.7-3 | 9.40 | 48.35 | 57.75 | OK | |
r-release-linux-x86_64 | 0.7-3 | OK | ||||
r-release-macos-arm64 | 0.7-3 | 31.00 | OK | |||
r-release-macos-x86_64 | 0.7-3 | 45.00 | OK | |||
r-release-windows-x86_64 | 0.7-3 | 157.00 | 82.00 | 239.00 | OK | |
r-oldrel-macos-arm64 | 0.7-3 | 46.00 | OK | |||
r-oldrel-macos-x86_64 | 0.7-3 | 47.00 | OK | |||
r-oldrel-windows-ix86+x86_64 | 0.7-3 | 146.00 | 126.00 | 272.00 | OK |
Version: 0.7-3
Check: whether package can be installed
Result: ERROR
Installation failed.
Flavor: r-devel-linux-x86_64-fedora-clang